CRAN Package Check Results for Package Rrepest

Last updated on 2024-02-26 16:56:36 CET.

Flavor Version Tinstall Tcheck Ttotal Status Flags
r-devel-linux-x86_64-debian-clang 1.3.0 13.47 91.14 104.61 OK
r-devel-linux-x86_64-debian-gcc 1.3.0 10.19 66.69 76.88 OK
r-devel-linux-x86_64-fedora-clang 1.3.0 135.49 NOTE
r-devel-linux-x86_64-fedora-gcc 1.3.0 126.53 NOTE
r-devel-windows-x86_64 1.3.0 12.00 83.00 95.00 OK
r-patched-linux-x86_64 1.3.0 8.37 86.45 94.82 OK
r-release-linux-x86_64 1.3.0 8.23 85.71 93.94 OK
r-release-macos-arm64 1.3.0 40.00 OK
r-release-macos-x86_64 1.3.0 106.00 OK
r-release-windows-x86_64 1.3.0 18.00 98.00 116.00 OK
r-oldrel-macos-arm64 1.3.0 41.00 OK
r-oldrel-windows-x86_64 1.3.0 17.00 102.00 119.00 OK

Check Details

Version: 1.3.0
Check: data for non-ASCII characters
Result: NOTE Note: found 192 marked UTF-8 strings Flavors: r-devel-linux-x86_64-fedora-clang, r-devel-linux-x86_64-fedora-gcc