Last updated on 2024-04-20 08:51:10 CEST.
Flavor | Version | Tinstall | Tcheck | Ttotal | Status | Flags |
---|---|---|---|---|---|---|
r-devel-linux-x86_64-debian-clang | 2023.1 | 12.90 | 83.26 | 96.16 | NOTE | |
r-devel-linux-x86_64-debian-gcc | 2023.1 | 10.00 | 60.25 | 70.25 | NOTE | |
r-devel-linux-x86_64-fedora-clang | 2023.1 | 119.16 | NOTE | |||
r-devel-linux-x86_64-fedora-gcc | 2023.1 | 111.33 | NOTE | |||
r-prerel-macos-arm64 | 2023.1 | 30.00 | NOTE | |||
r-prerel-windows-x86_64 | 2023.1 | 13.00 | 75.00 | 88.00 | NOTE | |
r-patched-linux-x86_64 | 2023.1 | 13.46 | 76.20 | 89.66 | NOTE | |
r-release-linux-x86_64 | 2023.1 | 10.01 | 79.08 | 89.09 | OK | |
r-release-macos-arm64 | 2023.1 | 32.00 | OK | |||
r-release-macos-x86_64 | 2023.1 | 83.00 | OK | |||
r-release-windows-x86_64 | 2023.1 | 15.00 | 89.00 | 104.00 | OK | |
r-oldrel-macos-arm64 | 2023.1 | 32.00 | OK | |||
r-oldrel-windows-x86_64 | 2023.1 | 16.00 | 97.00 | 113.00 | OK |
Version: 2023.1
Check: Rd files
Result: NOTE
checkRd: (-1) simpopmlx.Rd:24: Lost braces; missing escapes or markup?
24 | \item{fim}{the (\emph{string}) Fisher Information Matrix estimated by Monolix. fim={"sa", "lin"} (default="sa")}
| ^
checkRd: (-1) writeData.Rd:18: Lost braces; missing escapes or markup?
18 | It must be one of {"\\t", " ", ";", ","}}
| ^
checkRd: (-1) writeData.Rd:21: Lost braces; missing escapes or markup?
21 | It must be one of {"csv", "txt"}
| ^
Flavors: r-devel-linux-x86_64-debian-clang, r-devel-linux-x86_64-debian-gcc, r-devel-linux-x86_64-fedora-clang, r-devel-linux-x86_64-fedora-gcc, r-prerel-macos-arm64, r-prerel-windows-x86_64, r-patched-linux-x86_64