Last updated on 2024-04-23 08:58:15 CEST.
Flavor | Version | Tinstall | Tcheck | Ttotal | Status | Flags |
---|---|---|---|---|---|---|
r-devel-linux-x86_64-debian-clang | 0.1-33 | 4.13 | 23.67 | 27.80 | OK | |
r-devel-linux-x86_64-debian-gcc | 0.1-33 | 2.85 | 18.26 | 21.11 | OK | |
r-devel-linux-x86_64-fedora-clang | 0.1-33 | 38.21 | NOTE | |||
r-devel-linux-x86_64-fedora-gcc | 0.1-33 | 36.57 | OK | |||
r-prerel-macos-arm64 | 0.1-33 | 21.00 | OK | |||
r-prerel-windows-x86_64 | 0.1-33 | 15.00 | 94.00 | 109.00 | NOTE | |
r-patched-linux-x86_64 | 0.1-33 | 3.80 | 22.16 | 25.96 | OK | |
r-release-linux-x86_64 | 0.1-33 | 3.50 | 23.27 | 26.77 | OK | |
r-release-macos-arm64 | 0.1-33 | 21.00 | OK | |||
r-release-macos-x86_64 | 0.1-33 | 26.00 | OK | |||
r-release-windows-x86_64 | 0.1-33 | 19.00 | 104.00 | 123.00 | NOTE | |
r-oldrel-macos-arm64 | 0.1-33 | 20.00 | OK | |||
r-oldrel-windows-x86_64 | 0.1-33 | 11.00 | 82.00 | 93.00 | OK |
Version: 0.1-33
Check: Rd cross-references
Result: NOTE
Undeclared packages ‘lpSolve’, ‘Rglpk’ in Rd xrefs
Flavor: r-devel-linux-x86_64-fedora-clang
Version: 0.1-33
Check: installed package size
Result: NOTE
installed size is 5.8Mb
sub-directories of 1Mb or more:
libs 5.8Mb
Flavors: r-prerel-windows-x86_64, r-release-windows-x86_64