CRAN Package Check Results for Package Rthingsboard

Last updated on 2021-12-06 04:50:48 CET.

Flavor Version Tinstall Tcheck Ttotal Status Flags
r-devel-linux-x86_64-debian-clang 0.2.4 4.77 50.54 55.31 NOTE
r-devel-linux-x86_64-debian-gcc 0.2.4 3.58 38.49 42.07 NOTE
r-devel-linux-x86_64-fedora-clang 0.2.4 68.08 NOTE
r-devel-linux-x86_64-fedora-gcc 0.2.4 55.99 NOTE
r-devel-windows-x86_64-new-UL 0.2.4 14.00 78.00 92.00 NOTE
r-devel-windows-x86_64-new-TK 0.2.4 NOTE
r-devel-windows-x86_64-old 0.2.4 11.00 50.00 61.00 NOTE
r-patched-linux-x86_64 0.2.4 4.67 38.89 43.56 NOTE
r-release-linux-x86_64 0.2.4 4.07 46.69 50.76 NOTE
r-release-macos-arm64 0.2.4 NOTE
r-release-macos-x86_64 0.2.4 NOTE
r-release-windows-ix86+x86_64 0.2.4 15.00 59.00 74.00 NOTE
r-oldrel-macos-x86_64 0.2.4 NOTE
r-oldrel-windows-ix86+x86_64 0.2.4 14.00 62.00 76.00 OK

Check Details

Version: 0.2.4
Check: LazyData
Result: NOTE
     'LazyData' is specified without a 'data' directory
Flavors: r-devel-linux-x86_64-debian-clang, r-devel-linux-x86_64-debian-gcc, r-devel-linux-x86_64-fedora-clang, r-devel-linux-x86_64-fedora-gcc, r-devel-windows-x86_64-new-UL, r-devel-windows-x86_64-new-TK, r-devel-windows-x86_64-old, r-patched-linux-x86_64, r-release-linux-x86_64, r-release-macos-arm64, r-release-macos-x86_64, r-release-windows-ix86+x86_64

Version: 0.2.4
Check: dependencies in R code
Result: NOTE
    Namespaces in Imports field not imported from:
     ‘httr’ ‘logger’
     All declared Imports should be used.
Flavors: r-devel-linux-x86_64-fedora-clang, r-devel-linux-x86_64-fedora-gcc, r-devel-windows-x86_64-new-TK, r-release-macos-arm64, r-release-macos-x86_64, r-oldrel-macos-x86_64