CRAN Package Check Results for Package Rwofost

Last updated on 2024-06-20 08:54:58 CEST.

Flavor Version Tinstall Tcheck Ttotal Status Flags
r-devel-linux-x86_64-debian-clang 0.8-3 82.65 66.46 149.11 NOTE
r-devel-linux-x86_64-debian-gcc 0.8-3 66.82 49.64 116.46 NOTE
r-devel-linux-x86_64-fedora-clang 0.8-3 223.87 NOTE
r-devel-linux-x86_64-fedora-gcc 0.8-3 218.56 NOTE
r-devel-windows-x86_64 0.8-3 66.00 100.00 166.00 NOTE
r-patched-linux-x86_64 0.8-3 81.61 64.62 146.23 NOTE
r-release-linux-x86_64 0.8-3 83.82 65.20 149.02 NOTE
r-release-macos-arm64 0.8-3 48.00 NOTE
r-release-macos-x86_64 0.8-3 69.00 NOTE
r-release-windows-x86_64 0.8-3 66.00 99.00 165.00 NOTE
r-oldrel-macos-arm64 0.8-3 57.00 NOTE
r-oldrel-macos-x86_64 0.8-3 92.00 NOTE
r-oldrel-windows-x86_64 0.8-3 82.00 110.00 192.00 NOTE

Check Details

Version: 0.8-3
Check: C++ specification
Result: NOTE Specified C++11: please drop specification unless essential Flavors: r-devel-linux-x86_64-debian-clang, r-devel-linux-x86_64-debian-gcc, r-devel-linux-x86_64-fedora-clang, r-devel-linux-x86_64-fedora-gcc, r-devel-windows-x86_64, r-patched-linux-x86_64, r-release-linux-x86_64, r-release-macos-arm64, r-release-macos-x86_64, r-release-windows-x86_64, r-oldrel-macos-arm64, r-oldrel-macos-x86_64, r-oldrel-windows-x86_64

Version: 0.8-3
Check: installed package size
Result: NOTE installed size is 10.3Mb sub-directories of 1Mb or more: libs 9.3Mb Flavors: r-release-macos-arm64, r-release-macos-x86_64, r-oldrel-macos-arm64, r-oldrel-macos-x86_64