Last updated on 2024-03-28 15:50:00 CET.
Flavor | Version | Tinstall | Tcheck | Ttotal | Status | Flags |
---|---|---|---|---|---|---|
r-devel-linux-x86_64-debian-clang | 0.9.2 | 3.16 | 42.01 | 45.17 | NOTE | |
r-devel-linux-x86_64-debian-gcc | 0.9.2 | 2.46 | 31.80 | 34.26 | NOTE | |
r-devel-linux-x86_64-fedora-clang | 0.9.2 | 57.52 | NOTE | |||
r-devel-linux-x86_64-fedora-gcc | 0.9.2 | 67.55 | NOTE | |||
r-devel-windows-x86_64 | 0.9.2 | 5.00 | 56.00 | 61.00 | NOTE | |
r-patched-linux-x86_64 | 0.9.2 | 3.70 | 39.23 | 42.93 | NOTE | |
r-release-linux-x86_64 | 0.9.2 | 3.17 | 37.60 | 40.77 | OK | |
r-release-macos-arm64 | 0.9.2 | 27.00 | OK | |||
r-release-macos-x86_64 | 0.9.2 | 43.00 | OK | |||
r-release-windows-x86_64 | 0.9.2 | 5.00 | 61.00 | 66.00 | OK | |
r-oldrel-macos-arm64 | 0.9.2 | 25.00 | OK | |||
r-oldrel-windows-x86_64 | 0.9.2 | 5.00 | 61.00 | 66.00 | OK |
Version: 0.9.2
Check: Rd files
Result: NOTE
checkRd: (-1) wtss_to_ts.Rd:31: Lost braces; missing escapes or markup?
31 | This period can be either {"month", "week", "day"},
| ^
checkRd: (-1) wtss_to_ts.Rd:32: Lost braces; missing escapes or markup?
32 | {"months", "weeks", "days"} or
| ^
checkRd: (-1) wtss_to_ts.Rd:33: Lost braces; missing escapes or markup?
33 | {12, 52, 365}. This function creates a new time series with the required
| ^
Flavors: r-devel-linux-x86_64-debian-clang, r-devel-linux-x86_64-debian-gcc, r-devel-linux-x86_64-fedora-clang, r-devel-linux-x86_64-fedora-gcc, r-devel-windows-x86_64, r-patched-linux-x86_64