CRAN Package Check Results for Package Ryacas0

Last updated on 2023-06-05 16:55:06 CEST.

Flavor Version Tinstall Tcheck Ttotal Status Flags
r-devel-linux-x86_64-debian-clang 0.4.4 85.08 114.27 199.35 NOTE
r-devel-linux-x86_64-debian-gcc 0.4.4 80.05 85.31 165.36 NOTE
r-devel-linux-x86_64-fedora-clang 0.4.4 332.29 NOTE
r-devel-linux-x86_64-fedora-gcc 0.4.4 311.42 NOTE
r-devel-windows-x86_64 0.4.4 86.00 141.00 227.00 NOTE
r-patched-linux-x86_64 0.4.4 84.50 108.11 192.61 NOTE
r-release-linux-x86_64 0.4.4 80.10 107.74 187.84 NOTE
r-release-macos-arm64 0.4.4 105.00 NOTE
r-release-macos-x86_64 0.4.4 162.00 NOTE
r-release-windows-x86_64 0.4.4 86.00 158.00 244.00 NOTE
r-oldrel-macos-arm64 0.4.4 98.00 NOTE
r-oldrel-macos-x86_64 0.4.4 124.00 NOTE
r-oldrel-windows-x86_64 0.4.4 105.00 155.00 260.00 OK

Check Details

Version: 0.4.4
Check: C++ specification
Result: NOTE
     Specified C++11: please drop specification unless essential
Flavors: r-devel-linux-x86_64-debian-clang, r-devel-linux-x86_64-debian-gcc, r-devel-linux-x86_64-fedora-clang, r-devel-linux-x86_64-fedora-gcc, r-devel-windows-x86_64, r-patched-linux-x86_64, r-release-linux-x86_64, r-release-macos-arm64, r-release-macos-x86_64, r-release-windows-x86_64

Version: 0.4.4
Check: installed package size
Result: NOTE
     installed size is 10.1Mb
     sub-directories of 1Mb or more:
     libs 8.4Mb
     yacas 1.3Mb
Flavors: r-release-macos-arm64, r-release-macos-x86_64, r-oldrel-macos-arm64, r-oldrel-macos-x86_64