Last updated on 2023-06-02 18:52:56 CEST.
Flavor | Version | Tinstall | Tcheck | Ttotal | Status | Flags |
---|---|---|---|---|---|---|
r-devel-linux-x86_64-debian-clang | 1.0.0 | 22.08 | 211.85 | 233.93 | OK | |
r-devel-linux-x86_64-debian-gcc | 1.0.0 | 15.06 | 165.36 | 180.42 | OK | |
r-devel-linux-x86_64-fedora-clang | 1.0.0 | 289.65 | NOTE | |||
r-devel-linux-x86_64-fedora-gcc | 1.0.0 | 313.67 | NOTE | |||
r-devel-windows-x86_64 | 1.0.0 | 22.00 | 181.00 | 203.00 | OK | |
r-patched-linux-x86_64 | 1.0.0 | OK | ||||
r-release-linux-x86_64 | 1.0.0 | 21.22 | 207.37 | 228.59 | OK | |
r-release-macos-arm64 | 1.0.0 | 89.00 | OK | |||
r-release-macos-x86_64 | 1.0.0 | 150.00 | OK | |||
r-release-windows-x86_64 | 1.0.0 | 30.00 | 219.00 | 249.00 | OK | |
r-oldrel-macos-arm64 | 1.0.0 | 74.00 | NOTE | |||
r-oldrel-macos-x86_64 | 1.0.0 | 112.00 | NOTE | |||
r-oldrel-windows-x86_64 | 1.0.0 | 30.00 | 218.00 | 248.00 | OK |
Version: 1.0.0
Check: data for non-ASCII characters
Result: NOTE
Note: found 37 marked Latin-1 strings
Note: found 172 marked UTF-8 strings
Flavors: r-devel-linux-x86_64-fedora-clang, r-devel-linux-x86_64-fedora-gcc, r-oldrel-macos-arm64, r-oldrel-macos-x86_64