CRAN Package Check Results for Package SAEval

Last updated on 2022-07-03 00:52:40 CEST.

Flavor Version Tinstall Tcheck Ttotal Status Flags
r-devel-linux-x86_64-debian-clang 0.1.5 9.18 74.75 83.93 OK
r-devel-linux-x86_64-debian-gcc 0.1.5 6.54 55.86 62.40 OK
r-devel-linux-x86_64-fedora-clang 0.1.5 106.55 NOTE
r-devel-linux-x86_64-fedora-gcc 0.1.5 106.40 NOTE
r-devel-windows-x86_64 0.1.5 14.00 98.00 112.00 OK
r-patched-linux-x86_64 0.1.5 9.59 71.13 80.72 OK
r-release-linux-x86_64 0.1.5 9.19 72.41 81.60 OK
r-release-macos-arm64 0.1.5 30.00 NOTE
r-release-macos-x86_64 0.1.5 45.00 NOTE
r-release-windows-x86_64 0.1.5 15.00 106.00 121.00 OK
r-oldrel-macos-arm64 0.1.5 30.00 NOTE
r-oldrel-macos-x86_64 0.1.5 43.00 NOTE
r-oldrel-windows-ix86+x86_64 0.1.5 23.00 93.00 116.00 OK

Check Details

Version: 0.1.5
Check: data for non-ASCII characters
Result: NOTE
     Note: found 4 marked UTF-8 strings
Flavors: r-devel-linux-x86_64-fedora-clang, r-devel-linux-x86_64-fedora-gcc, r-release-macos-arm64, r-release-macos-x86_64, r-oldrel-macos-arm64, r-oldrel-macos-x86_64