CRAN Package Check Results for Package SC.MEB

Last updated on 2024-07-14 16:52:43 CEST.

Flavor Version Tinstall Tcheck Ttotal Status Flags
r-devel-linux-x86_64-debian-clang 1.1 44.34 139.27 183.61 NOTE
r-devel-linux-x86_64-debian-gcc 1.1 44.61 105.10 149.71 NOTE
r-devel-linux-x86_64-fedora-clang 1.1 257.15 NOTE
r-devel-linux-x86_64-fedora-gcc 1.1 293.67 NOTE
r-devel-windows-x86_64 1.1 47.00 148.00 195.00 NOTE
r-patched-linux-x86_64 1.1 58.03 134.28 192.31 NOTE
r-release-linux-x86_64 1.1 33.97 131.64 165.61 NOTE
r-release-macos-arm64 1.1 81.00 NOTE
r-release-macos-x86_64 1.1 117.00 NOTE
r-release-windows-x86_64 1.1 47.00 140.00 187.00 NOTE
r-oldrel-macos-arm64 1.1 5.00 ERROR
r-oldrel-macos-x86_64 1.1 142.00 NOTE
r-oldrel-windows-x86_64 1.1 57.00 185.00 242.00 NOTE

Check Details

Version: 1.1
Check: C++ specification
Result: NOTE Specified C++11: please drop specification unless essential Flavors: r-devel-linux-x86_64-debian-clang, r-devel-linux-x86_64-debian-gcc, r-devel-linux-x86_64-fedora-clang, r-devel-linux-x86_64-fedora-gcc, r-devel-windows-x86_64, r-patched-linux-x86_64, r-release-linux-x86_64, r-release-macos-arm64, r-release-macos-x86_64, r-release-windows-x86_64, r-oldrel-macos-x86_64, r-oldrel-windows-x86_64

Version: 1.1
Check: Rd cross-references
Result: NOTE Found the following Rd file(s) with Rd \link{} targets missing package anchors: spatialPreprocess.Rd: BiocSingularParam-class Please provide package anchors for all Rd \link{} targets not in the package itself and the base packages. Flavor: r-devel-windows-x86_64

Version: 1.1
Check: package dependencies
Result: ERROR Package required but not available: ‘scran’ See section ‘The DESCRIPTION file’ in the ‘Writing R Extensions’ manual. Flavor: r-oldrel-macos-arm64