Last updated on 2024-05-06 00:53:00 CEST.
Flavor | Version | Tinstall | Tcheck | Ttotal | Status | Flags |
---|---|---|---|---|---|---|
r-devel-linux-x86_64-debian-clang | 1.1 | 0.49 | 2.19 | 2.68 | ERROR | |
r-devel-linux-x86_64-debian-gcc | 1.1 | 49.46 | 103.92 | 153.38 | NOTE | |
r-devel-linux-x86_64-fedora-clang | 1.1 | 277.65 | NOTE | |||
r-devel-linux-x86_64-fedora-gcc | 1.1 | 267.88 | NOTE | |||
r-devel-windows-x86_64 | 1.1 | 46.00 | 139.00 | 185.00 | NOTE | |
r-patched-linux-x86_64 | 1.1 | 64.00 | 135.40 | 199.40 | NOTE | |
r-release-linux-x86_64 | 1.1 | 36.23 | 132.81 | 169.04 | NOTE | |
r-release-macos-arm64 | 1.1 | 81.00 | NOTE | |||
r-release-macos-x86_64 | 1.1 | 139.00 | NOTE | |||
r-release-windows-x86_64 | 1.1 | 47.00 | 141.00 | 188.00 | NOTE | |
r-oldrel-macos-arm64 | 1.1 | 5.00 | ERROR | |||
r-oldrel-macos-x86_64 | 1.1 | 142.00 | NOTE | |||
r-oldrel-windows-x86_64 | 1.1 | 59.00 | 180.00 | 239.00 | NOTE |
Version: 1.1
Check: package dependencies
Result: ERROR
Packages required but not available:
'SingleCellExperiment', 'SummarizedExperiment', 'scater', 'scran'
See section ‘The DESCRIPTION file’ in the ‘Writing R Extensions’
manual.
Flavor: r-devel-linux-x86_64-debian-clang
Version: 1.1
Check: C++ specification
Result: NOTE
Specified C++11: please drop specification unless essential
Flavors: r-devel-linux-x86_64-debian-gcc, r-devel-linux-x86_64-fedora-clang, r-devel-linux-x86_64-fedora-gcc, r-devel-windows-x86_64, r-patched-linux-x86_64, r-release-linux-x86_64, r-release-macos-arm64, r-release-macos-x86_64, r-release-windows-x86_64, r-oldrel-macos-x86_64, r-oldrel-windows-x86_64
Version: 1.1
Check: package dependencies
Result: ERROR
Package required but not available: ‘scran’
See section ‘The DESCRIPTION file’ in the ‘Writing R Extensions’
manual.
Flavor: r-oldrel-macos-arm64