CRAN Package Check Results for Package SC2API

Last updated on 2021-10-27 16:49:18 CEST.

Flavor Version Tinstall Tcheck Ttotal Status Flags
r-devel-linux-x86_64-debian-clang 1.0.0 3.26 39.82 43.08 NOTE
r-devel-linux-x86_64-debian-gcc 1.0.0 2.53 30.47 33.00 NOTE
r-devel-linux-x86_64-fedora-clang 1.0.0 63.49 NOTE
r-devel-linux-x86_64-fedora-gcc 1.0.0 51.44 NOTE
r-devel-windows-x86_64 1.0.0 7.00 57.00 64.00 NOTE
r-devel-windows-x86_64-gcc10-UCRT 1.0.0 NOTE
r-patched-linux-x86_64 1.0.0 3.54 37.55 41.09 NOTE
r-patched-solaris-x86 1.0.0 67.00 NOTE
r-release-linux-x86_64 1.0.0 2.96 37.33 40.29 NOTE
r-release-macos-arm64 1.0.0 NOTE
r-release-macos-x86_64 1.0.0 NOTE
r-release-windows-ix86+x86_64 1.0.0 6.00 57.00 63.00 NOTE
r-oldrel-macos-x86_64 1.0.0 OK
r-oldrel-windows-ix86+x86_64 1.0.0 8.00 57.00 65.00 OK

Check Details

Version: 1.0.0
Check: LazyData
Result: NOTE
     'LazyData' is specified without a 'data' directory
Flavors: r-devel-linux-x86_64-debian-clang, r-devel-linux-x86_64-debian-gcc, r-devel-linux-x86_64-fedora-clang, r-devel-linux-x86_64-fedora-gcc, r-devel-windows-x86_64, r-devel-windows-x86_64-gcc10-UCRT, r-patched-linux-x86_64, r-patched-solaris-x86, r-release-linux-x86_64, r-release-macos-arm64, r-release-macos-x86_64, r-release-windows-ix86+x86_64