Last updated on 2023-12-08 00:52:08 CET.
Flavor | Version | Tinstall | Tcheck | Ttotal | Status | Flags |
---|---|---|---|---|---|---|
r-devel-linux-x86_64-debian-clang | 1.0.1 | 2.40 | 46.50 | 48.90 | NOTE | |
r-devel-linux-x86_64-debian-gcc | 1.0.1 | 2.14 | 33.51 | 35.65 | NOTE | |
r-devel-linux-x86_64-fedora-clang | 1.0.1 | 60.35 | OK | |||
r-devel-linux-x86_64-fedora-gcc | 1.0.1 | 59.73 | OK | |||
r-devel-windows-x86_64 | 1.0.1 | 3.00 | 54.00 | 57.00 | OK | |
r-patched-linux-x86_64 | 1.0.1 | 4.66 | 47.15 | 51.81 | OK | |
r-release-linux-x86_64 | 1.0.1 | 3.27 | 46.04 | 49.31 | OK | |
r-release-macos-arm64 | 1.0.1 | 24.00 | OK | |||
r-release-macos-x86_64 | 1.0.1 | 33.00 | OK | |||
r-release-windows-x86_64 | 1.0.1 | 5.00 | 60.00 | 65.00 | OK | |
r-oldrel-macos-arm64 | 1.0.1 | 21.00 | OK | |||
r-oldrel-macos-x86_64 | 1.0.1 | 30.00 | OK | |||
r-oldrel-windows-x86_64 | 1.0.1 | 17.00 | 70.00 | 87.00 | OK |
Version: 1.0.1
Check: Rd files
Result: NOTE
checkRd: (-1) PermBiclust.beta.ks.Rd:29: Lost braces; missing escapes or markup?
29 | \item{\code{num.bicluster}}: {The number of biclusters estimated by the procedure.}
| ^
checkRd: (-1) PermBiclust.beta.ks.Rd:30: Lost braces
30 | \item{\code{x.residual}}: {The data matrix \code{x} after removing the signals}
| ^
checkRd: (-1) PermBiclust.sigclust.Rd:32: Lost braces; missing escapes or markup?
32 | \item{\code{num.bicluster}}: {The number of biclusters estimated by the procedure.}
| ^
checkRd: (-1) PermBiclust.sigclust.Rd:33: Lost braces
33 | \item{\code{x.residual}}: {The data matrix \code{x} after removing the signals}
| ^
checkRd: (-1) PermBiclust.sigclust_stop.Rd:35: Lost braces; missing escapes or markup?
35 | \item{\code{num.bicluster}}: {The number of biclusters estimated by the procedure.}
| ^
checkRd: (-1) PermBiclust.sigclust_stop.Rd:36: Lost braces
36 | \item{\code{x.residual}}: {The data matrix \code{x} after removing the signals}
| ^
Flavors: r-devel-linux-x86_64-debian-clang, r-devel-linux-x86_64-debian-gcc