Last updated on 2024-04-26 08:55:13 CEST.
Flavor | Version | Tinstall | Tcheck | Ttotal | Status | Flags |
---|---|---|---|---|---|---|
r-devel-linux-x86_64-debian-clang | 1.0.1 | 9.55 | 80.99 | 90.54 | OK | |
r-devel-linux-x86_64-debian-gcc | 1.0.1 | 7.42 | 61.84 | 69.26 | OK | |
r-devel-linux-x86_64-fedora-clang | 1.0.1 | 110.64 | NOTE | |||
r-devel-linux-x86_64-fedora-gcc | 1.0.1 | 107.27 | NOTE | |||
r-devel-windows-x86_64 | 1.0.1 | 8.00 | 76.00 | 84.00 | OK | |
r-patched-linux-x86_64 | 1.0.1 | 10.11 | 76.64 | 86.75 | OK | |
r-release-linux-x86_64 | 1.0.1 | 10.01 | 81.33 | 91.34 | OK | |
r-release-macos-arm64 | 1.0.1 | 35.00 | OK | |||
r-release-windows-x86_64 | 1.0.1 | 8.00 | 74.00 | 82.00 | OK | |
r-oldrel-macos-arm64 | 1.0.1 | 37.00 | OK | |||
r-oldrel-macos-x86_64 | 1.0.1 | 58.00 | OK | |||
r-oldrel-windows-x86_64 | 1.0.1 | 11.00 | 88.00 | 99.00 | OK |
Version: 1.0.1
Check: dependencies in R code
Result: NOTE
Namespace in Imports field not imported from: ‘RhpcBLASctl’
All declared Imports should be used.
Flavors: r-devel-linux-x86_64-fedora-clang, r-devel-linux-x86_64-fedora-gcc