Last updated on 2024-04-19 08:54:54 CEST.
Flavor | Version | Tinstall | Tcheck | Ttotal | Status | Flags |
---|---|---|---|---|---|---|
r-devel-linux-x86_64-debian-clang | 0.9-55 | 10.65 | 78.49 | 89.14 | OK | |
r-devel-linux-x86_64-debian-gcc | 0.9-55 | OK | ||||
r-devel-linux-x86_64-fedora-clang | 0.9-55 | 108.57 | NOTE | |||
r-devel-linux-x86_64-fedora-gcc | 0.9-55 | 116.67 | NOTE | |||
r-prerel-macos-arm64 | 0.9-55 | 39.00 | OK | |||
r-prerel-windows-x86_64 | 0.9-55 | 11.00 | 73.00 | 84.00 | OK | |
r-patched-linux-x86_64 | 0.9-55 | 12.05 | 73.22 | 85.27 | OK | |
r-release-linux-x86_64 | 0.9-55 | 8.43 | 73.38 | 81.81 | OK | |
r-release-macos-arm64 | 0.9-55 | 42.00 | OK | |||
r-release-macos-x86_64 | 0.9-55 | 63.00 | OK | |||
r-release-windows-x86_64 | 0.9-55 | 14.00 | 83.00 | 97.00 | OK | |
r-oldrel-macos-arm64 | 0.9-55 | 32.00 | NOTE | |||
r-oldrel-windows-x86_64 | 0.9-55 | 15.00 | 87.00 | 102.00 | OK |
Version: 0.9-55
Check: data for non-ASCII characters
Result: NOTE
Note: found 2 marked UTF-8 strings
Flavors: r-devel-linux-x86_64-fedora-clang, r-devel-linux-x86_64-fedora-gcc, r-oldrel-macos-arm64