Last updated on 2024-04-26 08:55:13 CEST.
Flavor | Version | Tinstall | Tcheck | Ttotal | Status | Flags |
---|---|---|---|---|---|---|
r-devel-linux-x86_64-debian-clang | 2.7.3 | 36.70 | 352.15 | 388.85 | OK | |
r-devel-linux-x86_64-debian-gcc | 2.7.3 | 24.20 | 238.87 | 263.07 | OK | |
r-devel-linux-x86_64-fedora-clang | 2.7.3 | 452.12 | NOTE | |||
r-devel-linux-x86_64-fedora-gcc | 2.7.3 | 425.98 | NOTE | |||
r-devel-windows-x86_64 | 2.7.3 | 26.00 | 197.00 | 223.00 | OK | |
r-patched-linux-x86_64 | 2.7.3 | 20.85 | 325.22 | 346.07 | OK | |
r-release-linux-x86_64 | 2.7.3 | 19.49 | 320.42 | 339.91 | OK | |
r-release-macos-arm64 | 2.7.3 | 104.00 | OK | |||
r-release-windows-x86_64 | 2.7.3 | 25.00 | 196.00 | 221.00 | OK | |
r-oldrel-macos-arm64 | 2.7.3 | 58.00 | OK | |||
r-oldrel-macos-x86_64 | 2.7.3 | 100.00 | OK | |||
r-oldrel-windows-x86_64 | 2.7.3 | 36.00 | 291.00 | 327.00 | OK |
Version: 2.7.3
Check: data for non-ASCII characters
Result: NOTE
Note: found 5 marked Latin-1 strings
Note: found 51869 marked UTF-8 strings
Flavors: r-devel-linux-x86_64-fedora-clang, r-devel-linux-x86_64-fedora-gcc