Last updated on 2024-04-25 00:56:14 CEST.
Flavor | Version | Tinstall | Tcheck | Ttotal | Status | Flags |
---|---|---|---|---|---|---|
r-devel-linux-x86_64-debian-clang | 1.0 | 1.83 | 32.98 | 34.81 | OK | |
r-devel-linux-x86_64-debian-gcc | 1.0 | 1.66 | 25.01 | 26.67 | OK | |
r-devel-linux-x86_64-fedora-clang | 1.0 | 42.86 | NOTE | |||
r-devel-linux-x86_64-fedora-gcc | 1.0 | 40.96 | OK | |||
r-devel-windows-x86_64 | 1.0 | 3.00 | 45.00 | 48.00 | OK | |
r-patched-linux-x86_64 | 1.0 | 1.90 | 31.51 | 33.41 | OK | |
r-release-linux-x86_64 | 1.0 | 2.08 | 29.25 | 31.33 | OK | |
r-release-macos-arm64 | 1.0 | 17.00 | OK | |||
r-release-windows-x86_64 | 1.0 | 3.00 | 45.00 | 48.00 | OK | |
r-oldrel-macos-arm64 | 1.0 | 16.00 | OK | |||
r-oldrel-macos-x86_64 | 1.0 | 24.00 | OK | |||
r-oldrel-windows-x86_64 | 1.0 | 2.00 | 45.00 | 47.00 | OK |
Version: 1.0
Check: Rd cross-references
Result: NOTE
Undeclared packages ‘EDNE.EQ’, ‘T2EQ’ in Rd xrefs
Flavor: r-devel-linux-x86_64-fedora-clang