Last updated on 2024-04-20 00:56:23 CEST.
Flavor | Version | Tinstall | Tcheck | Ttotal | Status | Flags |
---|---|---|---|---|---|---|
r-devel-linux-x86_64-debian-clang | 2.0.1 | 293.69 | 991.26 | 1284.95 | OK | |
r-devel-linux-x86_64-debian-gcc | 2.0.1 | OK | ||||
r-devel-linux-x86_64-fedora-clang | 2.0.1 | 1537.31 | NOTE | |||
r-devel-linux-x86_64-fedora-gcc | 2.0.1 | 1432.40 | OK | |||
r-prerel-macos-arm64 | 2.0.1 | 254.00 | NOTE | |||
r-prerel-windows-x86_64 | 2.0.1 | 221.00 | 438.00 | 659.00 | NOTE | |
r-patched-linux-x86_64 | 2.0.1 | 276.19 | 886.62 | 1162.81 | OK | |
r-release-linux-x86_64 | 2.0.1 | 282.09 | 929.56 | 1211.65 | OK | |
r-release-macos-arm64 | 2.0.1 | 283.00 | NOTE | |||
r-release-macos-x86_64 | 2.0.1 | 574.00 | NOTE | |||
r-release-windows-x86_64 | 2.0.1 | 302.00 | 630.00 | 932.00 | NOTE | |
r-oldrel-macos-arm64 | 2.0.1 | 294.00 | NOTE | |||
r-oldrel-windows-x86_64 | 2.0.1 | 304.00 | 612.00 | 916.00 | NOTE |
Version: 2.0.1
Check: installed package size
Result: NOTE
installed size is 8.5Mb
sub-directories of 1Mb or more:
R 7.8Mb
Flavors: r-devel-linux-x86_64-fedora-clang, r-prerel-macos-arm64, r-prerel-windows-x86_64, r-release-macos-arm64, r-release-macos-x86_64, r-release-windows-x86_64, r-oldrel-macos-arm64, r-oldrel-windows-x86_64