Last updated on 2023-06-02 18:52:56 CEST.
Flavor | Version | Tinstall | Tcheck | Ttotal | Status | Flags |
---|---|---|---|---|---|---|
r-devel-linux-x86_64-debian-clang | 1.0-3 | 4.11 | 31.33 | 35.44 | NOTE | |
r-devel-linux-x86_64-debian-gcc | 1.0-3 | 2.69 | 24.33 | 27.02 | NOTE | |
r-devel-linux-x86_64-fedora-clang | 1.0-3 | 47.96 | NOTE | |||
r-devel-linux-x86_64-fedora-gcc | 1.0-3 | 47.06 | NOTE | |||
r-devel-windows-x86_64 | 1.0-3 | 6.00 | 48.00 | 54.00 | NOTE | |
r-patched-linux-x86_64 | 1.0-3 | NOTE | ||||
r-release-linux-x86_64 | 1.0-3 | 3.28 | 30.96 | 34.24 | NOTE | |
r-release-macos-arm64 | 1.0-3 | 19.00 | NOTE | |||
r-release-macos-x86_64 | 1.0-3 | 27.00 | NOTE | |||
r-release-windows-x86_64 | 1.0-3 | 8.00 | 51.00 | 59.00 | NOTE | |
r-oldrel-macos-arm64 | 1.0-3 | 19.00 | OK | |||
r-oldrel-macos-x86_64 | 1.0-3 | 25.00 | OK | |||
r-oldrel-windows-x86_64 | 1.0-3 | 7.00 | 53.00 | 60.00 | OK |
Version: 1.0-3
Check: Rd \usage sections
Result: NOTE
S3 methods shown with full name in documentation object ‘min.abs’:
‘min.abs’
The \usage entries for S3 methods should use the \method markup and not
their full name.
See chapter ‘Writing R documentation files’ in the ‘Writing R
Extensions’ manual.
Flavors: r-devel-linux-x86_64-debian-clang, r-devel-linux-x86_64-debian-gcc, r-devel-linux-x86_64-fedora-clang, r-devel-linux-x86_64-fedora-gcc, r-devel-windows-x86_64, r-patched-linux-x86_64, r-release-linux-x86_64, r-release-macos-arm64, r-release-macos-x86_64, r-release-windows-x86_64