Last updated on 2024-05-04 16:54:22 CEST.
Flavor | Version | Tinstall | Tcheck | Ttotal | Status | Flags |
---|---|---|---|---|---|---|
r-devel-linux-x86_64-debian-clang | 0.1.0 | 8.09 | 73.08 | 81.17 | NOTE | |
r-devel-linux-x86_64-debian-gcc | 0.1.0 | 6.76 | 54.69 | 61.45 | NOTE | |
r-devel-linux-x86_64-fedora-clang | 0.1.0 | 98.35 | NOTE | |||
r-devel-linux-x86_64-fedora-gcc | 0.1.0 | 93.86 | NOTE | |||
r-devel-windows-x86_64 | 0.1.0 | 8.00 | 74.00 | 82.00 | NOTE | |
r-patched-linux-x86_64 | 0.1.0 | 5.73 | 67.95 | 73.68 | NOTE | |
r-release-linux-x86_64 | 0.1.0 | 6.96 | 69.46 | 76.42 | NOTE | |
r-release-macos-arm64 | 0.1.0 | 32.00 | NOTE | |||
r-release-windows-x86_64 | 0.1.0 | 7.00 | 72.00 | 79.00 | NOTE | |
r-oldrel-macos-arm64 | 0.1.0 | 41.00 | NOTE | |||
r-oldrel-macos-x86_64 | 0.1.0 | 57.00 | NOTE | |||
r-oldrel-windows-x86_64 | 0.1.0 | 9.00 | 86.00 | 95.00 | NOTE |
Version: 0.1.0
Check: LazyData
Result: NOTE
'LazyData' is specified without a 'data' directory
Flavors: r-devel-linux-x86_64-debian-clang, r-devel-linux-x86_64-debian-gcc, r-devel-linux-x86_64-fedora-clang, r-devel-linux-x86_64-fedora-gcc, r-devel-windows-x86_64, r-patched-linux-x86_64, r-release-linux-x86_64, r-release-macos-arm64, r-release-windows-x86_64, r-oldrel-macos-arm64, r-oldrel-macos-x86_64, r-oldrel-windows-x86_64