Last updated on 2024-03-27 23:59:57 CET.
Flavor | Version | Tinstall | Tcheck | Ttotal | Status | Flags |
---|---|---|---|---|---|---|
r-devel-linux-x86_64-debian-clang | 27.0-0.0 | 73.79 | 55.23 | 129.02 | OK | |
r-devel-linux-x86_64-debian-gcc | 27.0-0.0 | 70.25 | 44.04 | 114.29 | OK | |
r-devel-linux-x86_64-fedora-clang | 27.0-0.0 | 183.35 | NOTE | |||
r-devel-linux-x86_64-fedora-gcc | 27.0-0.0 | 191.26 | OK | |||
r-devel-windows-x86_64 | 27.0-0.0 | 66.00 | 64.00 | 130.00 | NOTE | |
r-patched-linux-x86_64 | 27.0-0.0 | 73.83 | 52.49 | 126.32 | OK | |
r-release-linux-x86_64 | 27.0-0.0 | 78.74 | 54.19 | 132.93 | OK | |
r-release-macos-arm64 | 27.0-0.0 | 89.00 | NOTE | |||
r-release-macos-x86_64 | 27.0-0.0 | 204.00 | NOTE | |||
r-release-windows-x86_64 | 27.0-0.0 | 69.00 | 70.00 | 139.00 | NOTE | |
r-oldrel-macos-arm64 | 27.0-0.0 | 97.00 | NOTE | |||
r-oldrel-windows-x86_64 | 27.0-0.0 | 91.00 | 84.00 | 175.00 | NOTE |
Version: 27.0-0.0
Check: installed package size
Result: NOTE
installed size is 6.9Mb
sub-directories of 1Mb or more:
data 6.7Mb
Flavors: r-devel-linux-x86_64-fedora-clang, r-devel-windows-x86_64, r-release-macos-arm64, r-release-macos-x86_64, r-release-windows-x86_64, r-oldrel-macos-arm64, r-oldrel-windows-x86_64