Last updated on 2024-04-24 16:54:45 CEST.
Flavor | Version | Tinstall | Tcheck | Ttotal | Status | Flags |
---|---|---|---|---|---|---|
r-devel-linux-x86_64-debian-clang | 2.0.3 | 2.87 | 35.44 | 38.31 | OK | |
r-devel-linux-x86_64-debian-gcc | 2.0.3 | 1.66 | 26.83 | 28.49 | OK | |
r-devel-linux-x86_64-fedora-clang | 2.0.3 | 48.95 | OK | |||
r-devel-linux-x86_64-fedora-gcc | 2.0.3 | 59.14 | OK | |||
r-devel-windows-x86_64 | 2.0.3 | 4.00 | 64.00 | 68.00 | OK | |
r-patched-linux-x86_64 | 2.0.3 | 2.40 | 33.49 | 35.89 | OK | |
r-release-linux-x86_64 | 2.0.3 | 2.43 | 32.92 | 35.35 | OK | |
r-release-macos-arm64 | 2.0.3 | 25.00 | OK | |||
r-release-windows-x86_64 | 2.0.3 | 3.00 | 62.00 | 65.00 | OK | |
r-oldrel-macos-arm64 | 2.0.3 | 23.00 | OK | |||
r-oldrel-macos-x86_64 | 2.0.3 | 28.00 | NOTE | |||
r-oldrel-windows-x86_64 | 2.0.3 | 4.00 | 60.00 | 64.00 | OK |
Version: 2.0.3
Check: package dependencies
Result: NOTE
Package suggested but not available for checking: ‘edgeR’
Flavor: r-oldrel-macos-x86_64
Version: 2.0.3
Check: re-building of vignette outputs
Result: NOTE
Note: skipping ‘SIBER.Rnw’ due to unavailable dependencies: 'edgeR'
Flavor: r-oldrel-macos-x86_64