Last updated on 2023-11-29 09:08:54 CET.
Flavor | Version | Tinstall | Tcheck | Ttotal | Status | Flags |
---|---|---|---|---|---|---|
r-devel-linux-x86_64-debian-clang | 0.3.0 | 10.55 | 607.45 | 618.00 | NOTE | |
r-devel-linux-x86_64-debian-gcc | 0.3.0 | 11.19 | 412.41 | 423.60 | NOTE | |
r-devel-linux-x86_64-fedora-clang | 0.3.0 | 700.59 | OK | |||
r-devel-linux-x86_64-fedora-gcc | 0.3.0 | 774.32 | OK | |||
r-devel-windows-x86_64 | 0.3.0 | 12.00 | 402.00 | 414.00 | OK | |
r-patched-linux-x86_64 | 0.3.0 | 16.83 | 559.20 | 576.03 | OK | |
r-release-linux-x86_64 | 0.3.0 | 10.64 | 531.88 | 542.52 | OK | |
r-release-macos-arm64 | 0.3.0 | 373.00 | OK | |||
r-release-macos-x86_64 | 0.3.0 | 606.00 | OK | |||
r-release-windows-x86_64 | 0.3.0 | 17.00 | 525.00 | 542.00 | OK | |
r-oldrel-macos-arm64 | 0.3.0 | 326.00 | OK | |||
r-oldrel-macos-x86_64 | 0.3.0 | 458.00 | OK | |||
r-oldrel-windows-x86_64 | 0.3.0 | 19.00 | 515.00 | 534.00 | OK |
Version: 0.3.0
Check: Rd files
Result: NOTE
checkRd: (-1) cross.Rd:11: Lost braces
11 | \item{x}{\code{\link{Pop-class}} or code{\link{Colony-class}} or \code{\link{MultiColony-class}},
| ^
Flavors: r-devel-linux-x86_64-debian-clang, r-devel-linux-x86_64-debian-gcc