Last updated on 2024-04-19 08:54:55 CEST.
Flavor | Version | Tinstall | Tcheck | Ttotal | Status | Flags |
---|---|---|---|---|---|---|
r-devel-linux-x86_64-debian-clang | 1.4.1 | 35.98 | 521.21 | 557.19 | OK | |
r-devel-linux-x86_64-debian-gcc | 1.4.1 | OK | ||||
r-devel-linux-x86_64-fedora-clang | 1.4.1 | 750.92 | OK | |||
r-devel-linux-x86_64-fedora-gcc | 1.4.1 | 743.88 | OK | |||
r-prerel-macos-arm64 | 1.4.1 | 188.00 | OK | |||
r-prerel-macos-x86_64 | 1.4.1 | 335.00 | OK | |||
r-prerel-windows-x86_64 | 1.4.1 | 35.00 | 358.00 | 393.00 | OK | |
r-patched-linux-x86_64 | 1.4.1 | 29.22 | 500.47 | 529.69 | OK | |
r-release-linux-x86_64 | 1.4.1 | 37.59 | 508.94 | 546.53 | OK | |
r-release-macos-arm64 | 1.4.1 | 9.00 | ERROR | |||
r-release-macos-x86_64 | 1.4.1 | 7.00 | ERROR | |||
r-release-windows-x86_64 | 1.4.1 | 43.00 | 478.00 | 521.00 | OK | |
r-oldrel-macos-arm64 | 1.4.1 | 130.00 | OK | |||
r-oldrel-windows-x86_64 | 1.4.1 | 45.00 | 498.00 | 543.00 | OK |
Version: 1.4.1
Check: package dependencies
Result: ERROR
Packages required but not available: 'HTSSIP', 'phyloseq'
See section ‘The DESCRIPTION file’ in the ‘Writing R Extensions’
manual.
Flavors: r-release-macos-arm64, r-release-macos-x86_64