CRAN Package Check Results for Package SMMA

Last updated on 2023-06-04 08:57:22 CEST.

Flavor Version Tinstall Tcheck Ttotal Status Flags
r-devel-linux-x86_64-debian-clang 1.0.3 45.78 31.58 77.36 NOTE
r-devel-linux-x86_64-debian-gcc 1.0.3 33.07 25.14 58.21 NOTE
r-devel-linux-x86_64-fedora-clang 1.0.3 103.46 NOTE
r-devel-linux-x86_64-fedora-gcc 1.0.3 114.50 NOTE
r-devel-windows-x86_64 1.0.3 32.00 74.00 106.00 NOTE
r-patched-linux-x86_64 1.0.3 34.38 30.61 64.99 NOTE
r-release-linux-x86_64 1.0.3 35.11 30.47 65.58 NOTE
r-release-macos-arm64 1.0.3 34.00 NOTE
r-release-macos-x86_64 1.0.3 52.00 NOTE
r-release-windows-x86_64 1.0.3 42.00 78.00 120.00 NOTE
r-oldrel-macos-arm64 1.0.3 33.00 OK
r-oldrel-macos-x86_64 1.0.3 41.00 OK
r-oldrel-windows-x86_64 1.0.3 40.00 72.00 112.00 OK

Check Details

Version: 1.0.3
Check: C++ specification
Result: NOTE
     Specified C++11: please drop specification unless essential
Flavors: r-devel-linux-x86_64-debian-clang, r-devel-linux-x86_64-debian-gcc, r-devel-linux-x86_64-fedora-clang, r-devel-linux-x86_64-fedora-gcc, r-devel-windows-x86_64, r-patched-linux-x86_64, r-release-linux-x86_64, r-release-macos-arm64, r-release-macos-x86_64, r-release-windows-x86_64