CRAN Package Check Results for Package SMR

Last updated on 2021-10-27 00:51:19 CEST.

Flavor Version Tinstall Tcheck Ttotal Status Flags
r-devel-linux-x86_64-debian-clang 2.0.1 2.38 21.88 24.26 NOTE
r-devel-linux-x86_64-debian-gcc 2.0.1 1.95 17.34 19.29 NOTE
r-devel-linux-x86_64-fedora-clang 2.0.1 40.87 NOTE
r-devel-linux-x86_64-fedora-gcc 2.0.1 29.78 NOTE
r-devel-windows-x86_64 2.0.1 4.00 36.00 40.00 NOTE
r-devel-windows-x86_64-gcc10-UCRT 2.0.1 NOTE
r-patched-linux-x86_64 2.0.1 2.40 21.45 23.85 NOTE
r-patched-solaris-x86 2.0.1 49.00 NOTE
r-release-linux-x86_64 2.0.1 2.44 21.43 23.87 NOTE
r-release-macos-arm64 2.0.1 NOTE
r-release-macos-x86_64 2.0.1 NOTE
r-release-windows-ix86+x86_64 2.0.1 5.00 37.00 42.00 NOTE
r-oldrel-macos-x86_64 2.0.1 NOTE
r-oldrel-windows-ix86+x86_64 2.0.1 4.00 34.00 38.00 NOTE

Check Details

Version: 2.0.1
Check: DESCRIPTION meta-information
Result: NOTE
    Malformed Description field: should contain one or more complete sentences.
Flavors: r-devel-linux-x86_64-debian-clang, r-devel-linux-x86_64-debian-gcc, r-devel-linux-x86_64-fedora-clang, r-devel-linux-x86_64-fedora-gcc, r-devel-windows-x86_64, r-devel-windows-x86_64-gcc10-UCRT, r-patched-linux-x86_64, r-patched-solaris-x86, r-release-linux-x86_64, r-release-macos-arm64, r-release-macos-x86_64, r-release-windows-ix86+x86_64, r-oldrel-macos-x86_64, r-oldrel-windows-ix86+x86_64

Version: 2.0.1
Check: R code for possible problems
Result: NOTE
    dNMR: no visible global function definition for 'pnorm'
    dNMR: no visible global function definition for 'dnorm'
    pNMR: no visible global function definition for 'pnorm'
    pNMR: no visible global function definition for 'dnorm'
    rMR: no visible global function definition for 'rnorm'
    rMR: no visible global function definition for 'rchisq'
    Undefined global functions or variables:
     dnorm pnorm rchisq rnorm
    Consider adding
     importFrom("stats", "dnorm", "pnorm", "rchisq", "rnorm")
    to your NAMESPACE file.
Flavors: r-devel-linux-x86_64-debian-clang, r-devel-linux-x86_64-debian-gcc, r-devel-linux-x86_64-fedora-clang, r-devel-linux-x86_64-fedora-gcc, r-devel-windows-x86_64, r-devel-windows-x86_64-gcc10-UCRT, r-patched-linux-x86_64, r-patched-solaris-x86, r-release-linux-x86_64, r-release-macos-arm64, r-release-macos-x86_64, r-release-windows-ix86+x86_64, r-oldrel-macos-x86_64, r-oldrel-windows-ix86+x86_64