CRAN Package Check Results for Package SOMEnv

Last updated on 2021-09-16 16:50:29 CEST.

Flavor Version Tinstall Tcheck Ttotal Status Flags
r-devel-linux-x86_64-debian-clang 1.1.2 14.21 106.95 121.16 OK
r-devel-linux-x86_64-debian-gcc 1.1.2 10.26 80.97 91.23 OK
r-devel-linux-x86_64-fedora-clang 1.1.2 157.93 NOTE
r-devel-linux-x86_64-fedora-gcc 1.1.2 145.18 NOTE
r-devel-windows-x86_64 1.1.2 16.00 126.00 142.00 OK
r-devel-windows-x86_64-gcc10-UCRT 1.1.2 NOTE
r-patched-linux-x86_64 1.1.2 12.48 100.53 113.01 OK
r-patched-solaris-x86 1.1.2 199.60 NOTE
r-release-linux-x86_64 1.1.2 11.51 101.63 113.14 OK
r-release-macos-arm64 1.1.2 NOTE
r-release-macos-x86_64 1.1.2 NOTE
r-release-windows-ix86+x86_64 1.1.2 33.00 132.00 165.00 OK
r-oldrel-macos-x86_64 1.1.2 NOTE
r-oldrel-windows-ix86+x86_64 1.1.2 33.00 112.00 145.00 OK

Check Details

Version: 1.1.2
Check: dependencies in R code
Result: NOTE
    Namespace in Imports field not imported from: ‘rlist’
     All declared Imports should be used.
Flavors: r-devel-linux-x86_64-fedora-clang, r-devel-linux-x86_64-fedora-gcc, r-devel-windows-x86_64-gcc10-UCRT, r-patched-solaris-x86, r-release-macos-arm64, r-release-macos-x86_64, r-oldrel-macos-x86_64