CRAN Package Check Results for Package SP2000

Last updated on 2023-06-09 16:57:08 CEST.

Flavor Version Tinstall Tcheck Ttotal Status Flags
r-devel-linux-x86_64-debian-clang 0.2.0 7.61 66.54 74.15 NOTE
r-devel-linux-x86_64-debian-gcc 0.2.0 6.56 49.87 56.43 NOTE
r-devel-linux-x86_64-fedora-clang 0.2.0 94.79 NOTE
r-devel-linux-x86_64-fedora-gcc 0.2.0 86.60 NOTE
r-devel-windows-x86_64 0.2.0 8.00 68.00 76.00 NOTE
r-patched-linux-x86_64 0.2.0 7.50 61.71 69.21 NOTE
r-release-linux-x86_64 0.2.0 5.00 62.26 67.26 NOTE
r-release-macos-arm64 0.2.0 29.00 NOTE
r-release-macos-x86_64 0.2.0 47.00 NOTE
r-release-windows-x86_64 0.2.0 10.00 84.00 94.00 NOTE
r-oldrel-macos-arm64 0.2.0 26.00 NOTE
r-oldrel-macos-x86_64 0.2.0 39.00 NOTE
r-oldrel-windows-x86_64 0.2.0 10.00 80.00 90.00 NOTE

Check Details

Version: 0.2.0
Check: LazyData
Result: NOTE
     'LazyData' is specified without a 'data' directory
Flavors: r-devel-linux-x86_64-debian-clang, r-devel-linux-x86_64-debian-gcc, r-devel-linux-x86_64-fedora-clang, r-devel-linux-x86_64-fedora-gcc, r-devel-windows-x86_64, r-patched-linux-x86_64, r-release-linux-x86_64, r-release-macos-arm64, r-release-macos-x86_64, r-release-windows-x86_64, r-oldrel-macos-arm64, r-oldrel-macos-x86_64, r-oldrel-windows-x86_64