Last updated on 2024-03-27 23:59:58 CET.
Flavor | Version | Tinstall | Tcheck | Ttotal | Status | Flags |
---|---|---|---|---|---|---|
r-devel-linux-x86_64-debian-clang | 1.2 | 41.02 | 27.45 | 68.47 | NOTE | |
r-devel-linux-x86_64-debian-gcc | 1.2 | 29.72 | 23.26 | 52.98 | NOTE | |
r-devel-linux-x86_64-fedora-clang | 1.2 | 103.54 | NOTE | |||
r-devel-linux-x86_64-fedora-gcc | 1.2 | 97.93 | NOTE | |||
r-devel-windows-x86_64 | 1.2 | 33.00 | 62.00 | 95.00 | NOTE | |
r-patched-linux-x86_64 | 1.2 | 38.20 | 28.37 | 66.57 | NOTE | |
r-release-linux-x86_64 | 1.2 | 36.90 | 27.69 | 64.59 | NOTE | |
r-release-macos-arm64 | 1.2 | 27.00 | NOTE | |||
r-release-macos-x86_64 | 1.2 | 43.00 | NOTE | |||
r-release-windows-x86_64 | 1.2 | 41.00 | 69.00 | 110.00 | NOTE | |
r-oldrel-macos-arm64 | 1.2 | 30.00 | OK | |||
r-oldrel-windows-x86_64 | 1.2 | 39.00 | 69.00 | 108.00 | OK |
Version: 1.2
Check: C++ specification
Result: NOTE
Specified C++11: please drop specification unless essential
Flavors: r-devel-linux-x86_64-debian-clang, r-devel-linux-x86_64-debian-gcc, r-devel-linux-x86_64-fedora-clang, r-devel-linux-x86_64-fedora-gcc, r-devel-windows-x86_64, r-patched-linux-x86_64, r-release-linux-x86_64, r-release-macos-arm64, r-release-macos-x86_64, r-release-windows-x86_64