Last updated on 2023-09-23 00:54:07 CEST.
Flavor | Version | Tinstall | Tcheck | Ttotal | Status | Flags |
---|---|---|---|---|---|---|
r-devel-linux-x86_64-debian-clang | 0.99.6 | 27.19 | 302.61 | 329.80 | OK | |
r-devel-linux-x86_64-debian-gcc | 0.99.6 | 19.31 | 221.35 | 240.66 | OK | |
r-devel-linux-x86_64-fedora-clang | 0.99.6 | 391.80 | NOTE | |||
r-devel-linux-x86_64-fedora-gcc | 0.99.6 | 417.89 | OK | |||
r-devel-windows-x86_64 | 0.99.6 | 24.00 | 225.00 | 249.00 | OK | |
r-patched-linux-x86_64 | 0.99.6 | 25.36 | 292.22 | 317.58 | OK | |
r-release-linux-x86_64 | 0.99.6 | 19.92 | 287.48 | 307.40 | OK | |
r-release-macos-arm64 | 0.99.6 | 120.00 | OK | |||
r-release-macos-x86_64 | 0.99.6 | 212.00 | OK | |||
r-release-windows-x86_64 | 0.99.6 | 290.00 | 280.00 | 570.00 | OK | |
r-oldrel-macos-arm64 | 0.99.6 | 84.00 | OK | |||
r-oldrel-macos-x86_64 | 0.99.6 | 143.00 | OK | |||
r-oldrel-windows-x86_64 | 0.99.6 | 33.00 | 281.00 | 314.00 | OK |
Version: 0.99.6
Check: package dependencies
Result: NOTE
Imports includes 22 non-default packages.
Importing from so many packages makes the package vulnerable to any of
them becoming unavailable. Move as many as possible to Suggests and
use conditionally.
Flavor: r-devel-linux-x86_64-fedora-clang