CRAN Package Check Results for Package SSDM

Last updated on 2021-09-23 12:58:11 CEST.

Flavor Version Tinstall Tcheck Ttotal Status Flags
r-devel-linux-x86_64-debian-clang 0.2.8 31.70 380.22 411.92 OK
r-devel-linux-x86_64-debian-gcc 0.2.8 27.00 281.88 308.88 OK
r-devel-linux-x86_64-fedora-clang 0.2.8 482.01 NOTE
r-devel-linux-x86_64-fedora-gcc 0.2.8 461.57 NOTE
r-devel-windows-x86_64 0.2.8 36.00 344.00 380.00 OK
r-devel-windows-x86_64-gcc10-UCRT 0.2.8 ERROR
r-patched-linux-x86_64 0.2.8 30.82 356.04 386.86 OK
r-patched-solaris-x86 0.2.8 544.80 NOTE
r-release-linux-x86_64 0.2.8 27.13 356.40 383.53 OK
r-release-macos-arm64 0.2.8 NOTE
r-release-macos-x86_64 0.2.8 NOTE
r-release-windows-ix86+x86_64 0.2.8 66.00 469.00 535.00 OK
r-oldrel-macos-x86_64 0.2.8 NOTE
r-oldrel-windows-ix86+x86_64 0.2.8 46.00 319.00 365.00 OK

Check Details

Version: 0.2.8
Check: dependencies in R code
Result: NOTE
    Namespace in Imports field not imported from: ‘shinyFiles’
     All declared Imports should be used.
Flavors: r-devel-linux-x86_64-fedora-clang, r-devel-linux-x86_64-fedora-gcc, r-devel-windows-x86_64-gcc10-UCRT, r-patched-solaris-x86, r-release-macos-arm64, r-release-macos-x86_64, r-oldrel-macos-x86_64

Version: 0.2.8
Check: package dependencies
Result: NOTE
    Package suggested but not available for checking: 'rgdal'
Flavor: r-devel-windows-x86_64-gcc10-UCRT

Version: 0.2.8
Check: re-building of vignette outputs
Result: WARN
    Error(s) in re-building vignettes:
    --- re-building 'GUI.Rmd' using rmarkdown
    --- finished re-building 'GUI.Rmd'
    
    --- re-building 'SSDM.Rmd' using rmarkdown
    Quitting from lines 37-41 (SSDM.Rmd)
    Error: processing vignette 'SSDM.Rmd' failed with diagnostics:
    Cannot create RasterLayer object from this file; perhaps you need to install rgdal first
    --- failed re-building 'SSDM.Rmd'
    
    SUMMARY: processing the following file failed:
     'SSDM.Rmd'
    
    Error: Vignette re-building failed.
    Execution halted
Flavor: r-devel-windows-x86_64-gcc10-UCRT

Version: 0.2.8
Check: PDF version of manual
Result: WARN
    LaTeX errors when creating PDF version.
    This typically indicates Rd problems.
Flavor: r-devel-windows-x86_64-gcc10-UCRT

Version: 0.2.8
Check: PDF version of manual without hyperrefs or index
Result: ERROR
    Re-running with no redirection of stdout/stderr.
Flavor: r-devel-windows-x86_64-gcc10-UCRT