CRAN Package Check Results for Package SSM

Last updated on 2023-12-09 08:49:58 CET.

Flavor Version Tinstall Tcheck Ttotal Status Flags
r-devel-linux-x86_64-debian-clang 1.0.1 3.60 46.05 49.65 NOTE
r-devel-linux-x86_64-debian-gcc 1.0.1 3.29 35.28 38.57 NOTE
r-devel-linux-x86_64-fedora-clang 1.0.1 63.33 NOTE
r-devel-linux-x86_64-fedora-gcc 1.0.1 72.22 NOTE
r-devel-windows-x86_64 1.0.1 4.00 60.00 64.00 NOTE
r-patched-linux-x86_64 1.0.1 4.43 44.24 48.67 NOTE
r-release-linux-x86_64 1.0.1 4.29 45.36 49.65 NOTE
r-release-macos-arm64 1.0.1 29.00 NOTE
r-release-macos-x86_64 1.0.1 44.00 NOTE
r-release-windows-x86_64 1.0.1 6.00 63.00 69.00 NOTE
r-oldrel-macos-arm64 1.0.1 23.00 NOTE
r-oldrel-macos-x86_64 1.0.1 32.00 NOTE
r-oldrel-windows-x86_64 1.0.1 8.00 60.00 68.00 NOTE

Check Details

Version: 1.0.1
Check: Rd files
Result: NOTE checkRd: (-1) new.distance.Rd:30: Lost braces in \itemize; meant \describe ? checkRd: (-1) new.distance.Rd:31-32: Lost braces in \itemize; meant \describe ? checkRd: (-1) new.distance.Rd:33-34: Lost braces in \itemize; meant \describe ? checkRd: (-1) new.distance.Rd:35-36: Lost braces in \itemize; meant \describe ? checkRd: (-1) new.distance.Rd:37-38: Lost braces in \itemize; meant \describe ? checkRd: (-1) new.distance.Rd:39-40: Lost braces in \itemize; meant \describe ? checkRd: (-1) sensitivity.plot.Rd:30-33: Lost braces in \itemize; meant \describe ? checkRd: (-1) sensitivity.plot.Rd:34-35: Lost braces in \itemize; meant \describe ? checkRd: (-1) sensitivity.plot.Rd:36-37: Lost braces in \itemize; meant \describe ? checkRd: (-1) sensitivity.plot.Rd:38-40: Lost braces in \itemize; meant \describe ? Flavors: r-devel-linux-x86_64-debian-clang, r-devel-linux-x86_64-debian-gcc

Version: 1.0.1
Check: LazyData
Result: NOTE 'LazyData' is specified without a 'data' directory Flavors: r-devel-linux-x86_64-debian-clang, r-devel-linux-x86_64-debian-gcc, r-devel-linux-x86_64-fedora-clang, r-devel-linux-x86_64-fedora-gcc, r-devel-windows-x86_64, r-patched-linux-x86_64, r-release-linux-x86_64, r-release-macos-arm64, r-release-macos-x86_64, r-release-windows-x86_64, r-oldrel-macos-arm64, r-oldrel-macos-x86_64, r-oldrel-windows-x86_64