CRAN Package Check Results for Package SSN

Last updated on 2021-12-02 08:51:24 CET.

Flavor Version Tinstall Tcheck Ttotal Status Flags
r-devel-linux-x86_64-debian-clang 1.1.15 20.75 193.38 214.13 OK
r-devel-linux-x86_64-debian-gcc 1.1.15 17.48 151.25 168.73 OK
r-devel-linux-x86_64-fedora-clang 1.1.15 289.68 OK
r-devel-linux-x86_64-fedora-gcc 1.1.15 263.39 OK
r-devel-windows-x86_64-new-UL 1.1.15 53.00 317.00 370.00 OK
r-devel-windows-x86_64-new-TK 1.1.15 OK
r-devel-windows-x86_64-old 1.1.15 40.00 208.00 248.00 OK
r-patched-linux-x86_64 1.1.15 24.27 190.07 214.34 OK
r-patched-solaris-x86 1.1.15 391.70 NOTE
r-release-linux-x86_64 1.1.15 19.45 190.10 209.55 OK
r-release-macos-arm64 1.1.15 OK
r-release-macos-x86_64 1.1.15 OK
r-release-windows-ix86+x86_64 1.1.15 59.00 392.00 451.00 OK
r-oldrel-macos-x86_64 1.1.15 OK
r-oldrel-windows-ix86+x86_64 1.1.15 57.00 400.00 457.00 OK

Check Details

Version: 1.1.15
Check: installed package size
Result: NOTE
     installed size is 5.4Mb
     sub-directories of 1Mb or more:
     lsndata 2.9Mb
Flavor: r-patched-solaris-x86