CRAN Package Check Results for Package STAT

Last updated on 2023-05-28 23:14:11 CEST.

Flavor Version Tinstall Tcheck Ttotal Status Flags
r-devel-linux-x86_64-debian-clang 0.1.0 1.42 19.88 21.30 NOTE
r-devel-linux-x86_64-debian-gcc 0.1.0 1.83 15.85 17.68 NOTE
r-devel-linux-x86_64-fedora-clang 0.1.0 28.93 NOTE
r-devel-linux-x86_64-fedora-gcc 0.1.0 27.09 NOTE
r-devel-windows-x86_64 0.1.0 3.00 38.00 41.00 NOTE
r-patched-linux-x86_64 0.1.0 2.22 19.57 21.79 NOTE
r-release-linux-x86_64 0.1.0 2.02 19.21 21.23 NOTE
r-release-macos-arm64 0.1.0 16.00 NOTE
r-release-macos-x86_64 0.1.0 20.00 NOTE
r-release-windows-x86_64 0.1.0 4.00 37.00 41.00 NOTE
r-oldrel-macos-arm64 0.1.0 16.00 NOTE
r-oldrel-macos-x86_64 0.1.0 23.00 NOTE
r-oldrel-windows-x86_64 0.1.0 4.00 40.00 44.00 NOTE

Check Details

Version: 0.1.0
Check: LazyData
Result: NOTE
     'LazyData' is specified without a 'data' directory
Flavors: r-devel-linux-x86_64-debian-clang, r-devel-linux-x86_64-debian-gcc, r-devel-linux-x86_64-fedora-clang, r-devel-linux-x86_64-fedora-gcc, r-devel-windows-x86_64, r-patched-linux-x86_64, r-release-linux-x86_64, r-release-macos-arm64, r-release-macos-x86_64, r-release-windows-x86_64, r-oldrel-macos-arm64, r-oldrel-macos-x86_64, r-oldrel-windows-x86_64

Version: 0.1.0
Check: dependencies in R code
Result: NOTE
    Namespaces in Imports field not imported from:
     ‘Hmisc’ ‘corrgram’ ‘datasets’ ‘dplyr’ ‘psych’ ‘psycho’ ‘rpivotTable’
     ‘shiny’
     All declared Imports should be used.
Flavors: r-devel-linux-x86_64-fedora-clang, r-devel-linux-x86_64-fedora-gcc, r-oldrel-macos-arm64, r-oldrel-macos-x86_64