CRAN Package Check Results for Package ScorePlus

Last updated on 2023-09-24 00:56:53 CEST.

Flavor Version Tinstall Tcheck Ttotal Status Flags
r-devel-linux-x86_64-debian-clang 0.1 8.95 71.10 80.05 NOTE
r-devel-linux-x86_64-debian-gcc 0.1 6.22 59.28 65.50 NOTE
r-devel-linux-x86_64-fedora-clang 0.1 96.27 NOTE
r-devel-linux-x86_64-fedora-gcc 0.1 109.55 NOTE
r-devel-windows-x86_64 0.1 8.00 70.00 78.00 NOTE
r-patched-linux-x86_64 0.1 6.45 70.18 76.63 NOTE
r-release-linux-x86_64 0.1 7.99 68.65 76.64 NOTE
r-release-macos-arm64 0.1 33.00 NOTE
r-release-macos-x86_64 0.1 51.00 NOTE
r-release-windows-x86_64 0.1 11.00 80.00 91.00 NOTE
r-oldrel-macos-arm64 0.1 29.00 NOTE
r-oldrel-macos-x86_64 0.1 41.00 NOTE
r-oldrel-windows-x86_64 0.1 11.00 79.00 90.00 NOTE

Check Details

Version: 0.1
Check: LazyData
Result: NOTE
     'LazyData' is specified without a 'data' directory
Flavors: r-devel-linux-x86_64-debian-clang, r-devel-linux-x86_64-debian-gcc, r-devel-linux-x86_64-fedora-clang, r-devel-linux-x86_64-fedora-gcc, r-devel-windows-x86_64, r-patched-linux-x86_64, r-release-linux-x86_64, r-release-macos-arm64, r-release-macos-x86_64, r-release-windows-x86_64, r-oldrel-macos-arm64, r-oldrel-macos-x86_64, r-oldrel-windows-x86_64