CRAN Package Check Results for Package SemNetDictionaries

Last updated on 2024-02-26 16:56:37 CET.

Flavor Version Tinstall Tcheck Ttotal Status Flags
r-devel-linux-x86_64-debian-clang 0.2.0 6.02 38.39 44.41 NOTE
r-devel-linux-x86_64-debian-gcc 0.2.0 4.41 29.49 33.90 NOTE
r-devel-linux-x86_64-fedora-clang 0.2.0 55.76 NOTE
r-devel-linux-x86_64-fedora-gcc 0.2.0 68.82 NOTE
r-devel-windows-x86_64 0.2.0 6.00 56.00 62.00 OK
r-patched-linux-x86_64 0.2.0 5.52 36.86 42.38 OK
r-release-linux-x86_64 0.2.0 5.67 36.49 42.16 OK
r-release-macos-arm64 0.2.0 33.00 OK
r-release-macos-x86_64 0.2.0 59.00 OK
r-release-windows-x86_64 0.2.0 8.00 61.00 69.00 OK
r-oldrel-macos-arm64 0.2.0 25.00 NOTE
r-oldrel-windows-x86_64 0.2.0 7.00 64.00 71.00 OK

Check Details

Version: 0.2.0
Check: Rd files
Result: NOTE checkRd: (-1) append.dictionary.Rd:33: Lost braces in \itemize; meant \describe ? checkRd: (-1) append.dictionary.Rd:36-37: Lost braces in \itemize; meant \describe ? checkRd: (-1) append.dictionary.Rd:40-41: Lost braces in \itemize; meant \describe ? checkRd: (-1) append.dictionary.Rd:44-47: Lost braces in \itemize; meant \describe ? checkRd: (-1) append.dictionary.Rd:89-92: Lost braces in \itemize; meant \describe ? checkRd: (-1) append.dictionary.Rd:95-98: Lost braces in \itemize; meant \describe ? checkRd: (-1) append.dictionary.Rd:107: Lost braces in \itemize; meant \describe ? checkRd: (-1) append.dictionary.Rd:110: Lost braces in \itemize; meant \describe ? checkRd: (-1) append.dictionary.Rd:113: Lost braces in \itemize; meant \describe ? Flavors: r-devel-linux-x86_64-debian-clang, r-devel-linux-x86_64-debian-gcc, r-devel-linux-x86_64-fedora-clang, r-devel-linux-x86_64-fedora-gcc

Version: 0.2.0
Check: dependencies in R code
Result: NOTE Namespace in Imports field not imported from: ‘knitr’ All declared Imports should be used. Flavors: r-devel-linux-x86_64-fedora-clang, r-devel-linux-x86_64-fedora-gcc, r-oldrel-macos-arm64

Version: 0.2.0
Check: Rd cross-references
Result: NOTE Undeclared package ‘SemNetCleaner’ in Rd xrefs Flavor: r-devel-linux-x86_64-fedora-clang