CRAN Package Check Results for Package Semblance

Last updated on 2023-09-26 17:09:29 CEST.

Flavor Version Tinstall Tcheck Ttotal Status Flags
r-devel-linux-x86_64-debian-clang 1.1.0 12.66 100.94 113.60 NOTE
r-devel-linux-x86_64-debian-gcc 1.1.0 9.68 75.40 85.08 NOTE
r-devel-linux-x86_64-fedora-clang 1.1.0 138.58 NOTE
r-devel-linux-x86_64-fedora-gcc 1.1.0 138.06 NOTE
r-devel-windows-x86_64 1.1.0 12.00 86.00 98.00 NOTE
r-patched-linux-x86_64 1.1.0 6.80 93.36 100.16 NOTE
r-release-linux-x86_64 1.1.0 7.58 96.70 104.28 NOTE
r-release-macos-arm64 1.1.0 47.00 NOTE
r-release-macos-x86_64 1.1.0 76.00 NOTE
r-release-windows-x86_64 1.1.0 14.00 103.00 117.00 NOTE
r-oldrel-macos-arm64 1.1.0 44.00 NOTE
r-oldrel-macos-x86_64 1.1.0 78.00 NOTE
r-oldrel-windows-x86_64 1.1.0 16.00 102.00 118.00 NOTE

Check Details

Version: 1.1.0
Check: LazyData
Result: NOTE
     'LazyData' is specified without a 'data' directory
Flavors: r-devel-linux-x86_64-debian-clang, r-devel-linux-x86_64-debian-gcc, r-devel-linux-x86_64-fedora-clang, r-devel-linux-x86_64-fedora-gcc, r-devel-windows-x86_64, r-patched-linux-x86_64, r-release-linux-x86_64, r-release-macos-arm64, r-release-macos-x86_64, r-release-windows-x86_64, r-oldrel-macos-arm64, r-oldrel-macos-x86_64, r-oldrel-windows-x86_64