CRAN Package Check Results for Package SemiCompRisks

Last updated on 2023-05-28 23:14:10 CEST.

Flavor Version Tinstall Tcheck Ttotal Status Flags
r-devel-linux-x86_64-debian-clang 3.4 64.92 152.29 217.21 OK
r-devel-linux-x86_64-debian-gcc 3.4 67.86 113.41 181.27 OK
r-devel-linux-x86_64-fedora-clang 3.4 284.59 OK
r-devel-linux-x86_64-fedora-gcc 3.4 341.69 OK
r-devel-windows-x86_64 3.4 77.00 151.00 228.00 OK
r-patched-linux-x86_64 3.4 73.80 144.15 217.95 OK
r-release-linux-x86_64 3.4 71.94 141.66 213.60 OK
r-release-macos-arm64 3.4 84.00 WARN
r-release-macos-x86_64 3.4 148.00 NOTE
r-release-windows-x86_64 3.4 95.00 175.00 270.00 OK
r-oldrel-macos-arm64 3.4 62.00 NOTE
r-oldrel-macos-x86_64 3.4 91.00 NOTE
r-oldrel-windows-x86_64 3.4 91.00 160.00 251.00 OK

Check Details

Version: 3.4
Check: installed package size
Result: NOTE
     installed size is 6.9Mb
     sub-directories of 1Mb or more:
     libs 5.9Mb
Flavors: r-release-macos-arm64, r-release-macos-x86_64, r-oldrel-macos-arm64, r-oldrel-macos-x86_64

Version: 3.4
Check: re-building of vignette outputs
Result: WARN
    Error(s) in re-building vignettes:
     ...
    --- re-building ‘SemiCompRisks.ltx’ using tex
    Error: processing vignette 'SemiCompRisks.ltx' failed with diagnostics:
    Running 'texi2dvi' on 'SemiCompRisks.ltx' failed.
    LaTeX errors:
    !pdfTeX error: pdflatex (file bbm8): Font bbm8 at 600 not found
     ==> Fatal error occurred, no output PDF file produced!
    --- failed re-building ‘SemiCompRisks.ltx’
    
    SUMMARY: processing the following file failed:
     ‘SemiCompRisks.ltx’
    
    Error: Vignette re-building failed.
    Execution halted
Flavor: r-release-macos-arm64