Last updated on 2024-04-24 00:55:58 CEST.
Flavor | Version | Tinstall | Tcheck | Ttotal | Status | Flags |
---|---|---|---|---|---|---|
r-devel-linux-x86_64-debian-clang | 0.1.0 | 5.53 | 27.94 | 33.47 | NOTE | |
r-devel-linux-x86_64-debian-gcc | 0.1.0 | 4.13 | 21.24 | 25.37 | NOTE | |
r-devel-linux-x86_64-fedora-clang | 0.1.0 | 40.90 | NOTE | |||
r-devel-linux-x86_64-fedora-gcc | 0.1.0 | 39.18 | NOTE | |||
r-prerel-macos-arm64 | 0.1.0 | 18.00 | NOTE | |||
r-prerel-windows-x86_64 | 0.1.0 | 5.00 | 44.00 | 49.00 | NOTE | |
r-patched-linux-x86_64 | 0.1.0 | 3.94 | 26.76 | 30.70 | NOTE | |
r-release-linux-x86_64 | 0.1.0 | 4.51 | 26.55 | 31.06 | OK | |
r-release-macos-arm64 | 0.1.0 | 19.00 | OK | |||
r-release-macos-x86_64 | 0.1.0 | 27.00 | OK | |||
r-release-windows-x86_64 | 0.1.0 | 6.00 | 44.00 | 50.00 | OK | |
r-oldrel-macos-arm64 | 0.1.0 | 18.00 | OK | |||
r-oldrel-windows-x86_64 | 0.1.0 | 6.00 | 53.00 | 59.00 | OK |
Version: 0.1.0
Check: Rd files
Result: NOTE
checkRd: (-1) SeqDesignInference.Rd:319: Lost braces; missing escapes or markup?
319 | (a) difference in means estimator i.e. [ybar_T - ybar_C +/- t_{alpha/2, n_T + n_C - 2} s_{ybar_T - ybar_C}] or
| ^
checkRd: (-1) SeqDesignInference.Rd:319: Lost braces; missing escapes or markup?
319 | (a) difference in means estimator i.e. [ybar_T - ybar_C +/- t_{alpha/2, n_T + n_C - 2} s_{ybar_T - ybar_C}] or
| ^
checkRd: (-1) SeqDesignInference.Rd:320: Lost braces; missing escapes or markup?
320 | (b) the OLS estimator i.e. [beta_hat_T +/- t_{alpha/2, n + p - 2} s_{beta_hat_T}]
| ^
checkRd: (-1) SeqDesignInference.Rd:320: Lost braces; missing escapes or markup?
320 | (b) the OLS estimator i.e. [beta_hat_T +/- t_{alpha/2, n + p - 2} s_{beta_hat_T}]
| ^
Flavors: r-devel-linux-x86_64-debian-clang, r-devel-linux-x86_64-debian-gcc, r-devel-linux-x86_64-fedora-clang, r-devel-linux-x86_64-fedora-gcc, r-prerel-macos-arm64, r-prerel-windows-x86_64, r-patched-linux-x86_64