CRAN Package Check Results for Package SeqKat

Last updated on 2023-06-02 11:55:36 CEST.

Flavor Version Tinstall Tcheck Ttotal Status Flags
r-devel-linux-x86_64-debian-clang 0.0.8 35.48 48.67 84.15 OK
r-devel-linux-x86_64-debian-gcc 0.0.8 29.79 37.63 67.42 OK
r-devel-linux-x86_64-fedora-clang 0.0.8 123.15 OK
r-devel-linux-x86_64-fedora-gcc 0.0.8 136.83 OK
r-devel-windows-x86_64 0.0.8 35.00 86.00 121.00 NOTE
r-patched-linux-x86_64 0.0.8 OK
r-release-linux-x86_64 0.0.8 34.93 46.89 81.82 OK
r-release-macos-arm64 0.0.8 43.00 OK
r-release-macos-x86_64 0.0.8 66.00 OK
r-release-windows-x86_64 0.0.8 42.00 91.00 133.00 NOTE
r-oldrel-macos-arm64 0.0.8 37.00 OK
r-oldrel-macos-x86_64 0.0.8 47.00 OK
r-oldrel-windows-x86_64 0.0.8 39.00 95.00 134.00 NOTE

Check Details

Version: 0.0.8
Check: package dependencies
Result: NOTE
    Package suggested but not available for checking: 'doMC'
Flavors: r-devel-windows-x86_64, r-release-windows-x86_64, r-oldrel-windows-x86_64