Last updated on 2024-04-20 08:51:12 CEST.
Flavor | Version | Tinstall | Tcheck | Ttotal | Status | Flags |
---|---|---|---|---|---|---|
r-devel-linux-x86_64-debian-clang | 1.5 | 14.20 | 65.72 | 79.92 | NOTE | |
r-devel-linux-x86_64-debian-gcc | 1.5 | 8.40 | 47.94 | 56.34 | NOTE | |
r-devel-linux-x86_64-fedora-clang | 1.5 | 94.59 | NOTE | |||
r-devel-linux-x86_64-fedora-gcc | 1.5 | 89.44 | NOTE | |||
r-prerel-macos-arm64 | 1.5 | 26.00 | NOTE | |||
r-prerel-windows-x86_64 | 1.5 | 11.00 | 64.00 | 75.00 | NOTE | |
r-patched-linux-x86_64 | 1.5 | 11.26 | 62.68 | 73.94 | NOTE | |
r-release-linux-x86_64 | 1.5 | 13.26 | 61.21 | 74.47 | OK | |
r-release-macos-arm64 | 1.5 | 31.00 | OK | |||
r-release-macos-x86_64 | 1.5 | 56.00 | OK | |||
r-release-windows-x86_64 | 1.5 | 10.00 | 74.00 | 84.00 | OK | |
r-oldrel-macos-arm64 | 1.5 | 30.00 | OK | |||
r-oldrel-windows-x86_64 | 1.5 | 12.00 | 77.00 | 89.00 | OK |
Version: 1.5
Check: Rd files
Result: NOTE
checkRd: (-1) changept.Rd:17-19: Lost braces in \itemize; meant \describe ?
checkRd: (-1) changept.Rd:20-21: Lost braces in \itemize; meant \describe ?
checkRd: (-1) changept.Rd:22: Lost braces in \itemize; meant \describe ?
Flavors: r-devel-linux-x86_64-debian-clang, r-devel-linux-x86_64-debian-gcc, r-devel-linux-x86_64-fedora-clang, r-devel-linux-x86_64-fedora-gcc, r-prerel-macos-arm64, r-prerel-windows-x86_64, r-patched-linux-x86_64