Last updated on 2024-04-19 08:54:55 CEST.
Flavor | Version | Tinstall | Tcheck | Ttotal | Status | Flags |
---|---|---|---|---|---|---|
r-devel-linux-x86_64-debian-clang | 0.2.0 | 2.43 | 30.26 | 32.69 | OK | |
r-devel-linux-x86_64-debian-gcc | 0.2.0 | OK | ||||
r-devel-linux-x86_64-fedora-clang | 0.2.0 | 43.06 | NOTE | |||
r-devel-linux-x86_64-fedora-gcc | 0.2.0 | 53.01 | NOTE | |||
r-prerel-macos-arm64 | 0.2.0 | 23.00 | OK | |||
r-prerel-windows-x86_64 | 0.2.0 | 4.00 | 44.00 | 48.00 | OK | |
r-patched-linux-x86_64 | 0.2.0 | 1.64 | 28.72 | 30.36 | OK | |
r-release-linux-x86_64 | 0.2.0 | 1.61 | 28.40 | 30.01 | OK | |
r-release-macos-arm64 | 0.2.0 | 27.00 | OK | |||
r-release-macos-x86_64 | 0.2.0 | 38.00 | OK | |||
r-release-windows-x86_64 | 0.2.0 | 4.00 | 44.00 | 48.00 | OK | |
r-oldrel-macos-arm64 | 0.2.0 | 19.00 | NOTE | |||
r-oldrel-windows-x86_64 | 0.2.0 | 5.00 | 51.00 | 56.00 | OK |
Version: 0.2.0
Check: dependencies in R code
Result: NOTE
Namespaces in Imports field not imported from:
‘MASS’ ‘kableExtra’ ‘tidyverse’
All declared Imports should be used.
Flavors: r-devel-linux-x86_64-fedora-clang, r-devel-linux-x86_64-fedora-gcc, r-oldrel-macos-arm64