CRAN Package Check Results for Package ShapleyValue

Last updated on 2022-07-03 00:52:40 CEST.

Flavor Version Tinstall Tcheck Ttotal Status Flags
r-devel-linux-x86_64-debian-clang 0.2.0 1.67 31.12 32.79 OK
r-devel-linux-x86_64-debian-gcc 0.2.0 2.02 23.79 25.81 OK
r-devel-linux-x86_64-fedora-clang 0.2.0 51.20 NOTE
r-devel-linux-x86_64-fedora-gcc 0.2.0 50.06 NOTE
r-devel-windows-x86_64 0.2.0 10.00 60.00 70.00 OK
r-patched-linux-x86_64 0.2.0 2.25 29.97 32.22 OK
r-release-linux-x86_64 0.2.0 1.71 29.80 31.51 OK
r-release-macos-arm64 0.2.0 19.00 NOTE
r-release-macos-x86_64 0.2.0 28.00 NOTE
r-release-windows-x86_64 0.2.0 9.00 59.00 68.00 OK
r-oldrel-macos-arm64 0.2.0 19.00 NOTE
r-oldrel-macos-x86_64 0.2.0 23.00 NOTE
r-oldrel-windows-ix86+x86_64 0.2.0 8.00 51.00 59.00 OK

Check Details

Version: 0.2.0
Check: dependencies in R code
Result: NOTE
    Namespaces in Imports field not imported from:
     ‘MASS’ ‘kableExtra’ ‘tidyverse’
     All declared Imports should be used.
Flavors: r-devel-linux-x86_64-fedora-clang, r-devel-linux-x86_64-fedora-gcc, r-release-macos-arm64, r-release-macos-x86_64, r-oldrel-macos-arm64, r-oldrel-macos-x86_64