CRAN Package Check Results for Package ShapleyValue

Last updated on 2024-05-26 22:49:17 CEST.

Flavor Version Tinstall Tcheck Ttotal Status Flags
r-devel-linux-x86_64-debian-clang 0.2.0 2.54 30.89 33.43 OK
r-devel-linux-x86_64-debian-gcc 0.2.0 1.83 23.56 25.39 OK
r-devel-linux-x86_64-fedora-clang 0.2.0 43.17 NOTE
r-devel-linux-x86_64-fedora-gcc 0.2.0 52.93 NOTE
r-devel-windows-x86_64 0.2.0 3.00 45.00 48.00 OK
r-patched-linux-x86_64 0.2.0 1.66 29.33 30.99 OK
r-release-linux-x86_64 0.2.0 1.63 29.81 31.44 OK
r-release-macos-arm64 0.2.0 23.00 OK
r-release-windows-x86_64 0.2.0 4.00 45.00 49.00 OK
r-oldrel-macos-arm64 0.2.0 27.00 OK
r-oldrel-macos-x86_64 0.2.0 38.00 OK
r-oldrel-windows-x86_64 0.2.0 4.00 47.00 51.00 OK

Check Details

Version: 0.2.0
Check: dependencies in R code
Result: NOTE Namespaces in Imports field not imported from: ‘MASS’ ‘kableExtra’ ‘tidyverse’ All declared Imports should be used. Flavors: r-devel-linux-x86_64-fedora-clang, r-devel-linux-x86_64-fedora-gcc