Last updated on 2023-12-10 00:56:00 CET.
Flavor | Version | Tinstall | Tcheck | Ttotal | Status | Flags |
---|---|---|---|---|---|---|
r-devel-linux-x86_64-debian-clang | 1.0.1 | 10.01 | 96.10 | 106.11 | OK | |
r-devel-linux-x86_64-debian-gcc | 1.0.1 | 8.68 | 73.73 | 82.41 | OK | |
r-devel-linux-x86_64-fedora-clang | 1.0.1 | 132.50 | NOTE | |||
r-devel-linux-x86_64-fedora-gcc | 1.0.1 | 141.43 | NOTE | |||
r-devel-windows-x86_64 | 1.0.1 | 11.00 | 93.00 | 104.00 | NOTE | |
r-patched-linux-x86_64 | 1.0.1 | 8.46 | 94.00 | 102.46 | OK | |
r-release-linux-x86_64 | 1.0.1 | 9.96 | 94.20 | 104.16 | OK | |
r-release-macos-arm64 | 1.0.1 | 46.00 | NOTE | |||
r-release-macos-x86_64 | 1.0.1 | 84.00 | NOTE | |||
r-release-windows-x86_64 | 1.0.1 | 13.00 | 112.00 | 125.00 | NOTE | |
r-oldrel-macos-arm64 | 1.0.1 | 44.00 | NOTE | |||
r-oldrel-macos-x86_64 | 1.0.1 | 58.00 | NOTE | |||
r-oldrel-windows-x86_64 | 1.0.1 | 14.00 | 110.00 | 124.00 | NOTE |
Version: 1.0.1
Check: installed package size
Result: NOTE
installed size is 6.4Mb
sub-directories of 1Mb or more:
doc 1.7Mb
extdata 4.2Mb
Flavors: r-devel-linux-x86_64-fedora-clang, r-devel-windows-x86_64, r-release-macos-arm64, r-release-macos-x86_64, r-release-windows-x86_64, r-oldrel-macos-arm64, r-oldrel-macos-x86_64, r-oldrel-windows-x86_64
Version: 1.0.1
Check: data for non-ASCII characters
Result: NOTE
Note: found 14 marked UTF-8 strings
Flavors: r-devel-linux-x86_64-fedora-clang, r-devel-linux-x86_64-fedora-gcc