Last updated on 2024-08-31 17:49:07 CEST.
Flavor | Version | Tinstall | Tcheck | Ttotal | Status | Flags |
---|---|---|---|---|---|---|
r-devel-linux-x86_64-debian-clang | 1.0.0 | 5.00 | 18.43 | 23.43 | NOTE | |
r-devel-linux-x86_64-debian-gcc | 1.0.0 | 4.02 | 15.16 | 19.18 | NOTE | |
r-devel-linux-x86_64-fedora-clang | 1.0.0 | 38.08 | NOTE | |||
r-devel-linux-x86_64-fedora-gcc | 1.0.0 | 38.06 | NOTE | |||
r-devel-windows-x86_64 | 1.0.0 | 9.00 | 38.00 | 47.00 | NOTE | |
r-patched-linux-x86_64 | 1.0.0 | 5.24 | 17.93 | 23.17 | NOTE | |
r-release-linux-x86_64 | 1.0.0 | 4.74 | 17.81 | 22.55 | NOTE | |
r-release-macos-arm64 | 1.0.0 | 15.00 | NOTE | |||
r-release-macos-x86_64 | 1.0.0 | 20.00 | NOTE | |||
r-release-windows-x86_64 | 1.0.0 | 9.00 | 38.00 | 47.00 | NOTE | |
r-oldrel-macos-arm64 | 1.0.0 | 19.00 | NOTE | |||
r-oldrel-macos-x86_64 | 1.0.0 | 22.00 | NOTE | |||
r-oldrel-windows-x86_64 | 1.0.0 | 12.00 | 37.00 | 49.00 | NOTE |
Version: 1.0.0
Check: LazyData
Result: NOTE
'LazyData' is specified without a 'data' directory
Flavors: r-devel-linux-x86_64-debian-clang, r-devel-linux-x86_64-debian-gcc, r-devel-linux-x86_64-fedora-clang, r-devel-linux-x86_64-fedora-gcc, r-devel-windows-x86_64, r-patched-linux-x86_64, r-release-linux-x86_64, r-release-macos-arm64, r-release-macos-x86_64, r-release-windows-x86_64, r-oldrel-macos-arm64, r-oldrel-macos-x86_64, r-oldrel-windows-x86_64