CRAN Package Check Results for Package ShiftConvolvePoibin

Last updated on 2024-06-22 09:49:12 CEST.

Flavor Version Tinstall Tcheck Ttotal Status Flags
r-devel-linux-x86_64-debian-clang 1.0.0 5.91 23.67 29.58 NOTE
r-devel-linux-x86_64-debian-gcc 1.0.0 5.44 18.39 23.83 NOTE
r-devel-linux-x86_64-fedora-clang 1.0.0 37.52 NOTE
r-devel-linux-x86_64-fedora-gcc 1.0.0 38.18 NOTE
r-devel-windows-x86_64 1.0.0 9.00 37.00 46.00 NOTE
r-patched-linux-x86_64 1.0.0 6.61 23.27 29.88 NOTE
r-release-linux-x86_64 1.0.0 6.84 22.14 28.98 NOTE
r-release-macos-arm64 1.0.0 15.00 NOTE
r-release-macos-x86_64 1.0.0 20.00 NOTE
r-release-windows-x86_64 1.0.0 9.00 38.00 47.00 NOTE
r-oldrel-macos-arm64 1.0.0 19.00 NOTE
r-oldrel-macos-x86_64 1.0.0 22.00 NOTE
r-oldrel-windows-x86_64 1.0.0 12.00 37.00 49.00 NOTE

Check Details

Version: 1.0.0
Check: LazyData
Result: NOTE 'LazyData' is specified without a 'data' directory Flavors: r-devel-linux-x86_64-debian-clang, r-devel-linux-x86_64-debian-gcc, r-devel-linux-x86_64-fedora-clang, r-devel-linux-x86_64-fedora-gcc, r-devel-windows-x86_64, r-patched-linux-x86_64, r-release-linux-x86_64, r-release-macos-arm64, r-release-macos-x86_64, r-release-windows-x86_64, r-oldrel-macos-arm64, r-oldrel-macos-x86_64, r-oldrel-windows-x86_64