Last updated on 2024-03-28 23:55:20 CET.
Flavor | Version | Tinstall | Tcheck | Ttotal | Status | Flags |
---|---|---|---|---|---|---|
r-devel-linux-x86_64-debian-clang | 1.5.0 | 20.45 | 200.22 | 220.67 | OK | |
r-devel-linux-x86_64-debian-gcc | 1.5.0 | 18.18 | 145.15 | 163.33 | OK | |
r-devel-linux-x86_64-fedora-clang | 1.5.0 | 298.70 | OK | |||
r-devel-linux-x86_64-fedora-gcc | 1.5.0 | 274.24 | OK | |||
r-devel-windows-x86_64 | 1.5.0 | 22.00 | 167.00 | 189.00 | OK | |
r-patched-linux-x86_64 | 1.5.0 | 37.42 | 193.64 | 231.06 | OK | |
r-release-linux-x86_64 | 1.5.0 | 18.13 | 193.88 | 212.01 | OK | |
r-release-macos-arm64 | 1.5.0 | 73.00 | OK | |||
r-release-macos-x86_64 | 1.5.0 | 184.00 | NOTE | |||
r-release-windows-x86_64 | 1.5.0 | 29.00 | 204.00 | 233.00 | OK | |
r-oldrel-macos-arm64 | 1.5.0 | 70.00 | OK | |||
r-oldrel-windows-x86_64 | 1.5.0 | 31.00 | 194.00 | 225.00 | OK |
Version: 1.5.0
Check: installed package size
Result: NOTE
installed size is 5.3Mb
sub-directories of 1Mb or more:
ShinyItemAnalysis 2.3Mb
data 2.3Mb
Flavor: r-release-macos-x86_64