CRAN Package Check Results for Package ShinyTester

Last updated on 2021-10-27 00:51:19 CEST.

Flavor Version Tinstall Tcheck Ttotal Status Flags
r-devel-linux-x86_64-debian-clang 0.1.0 5.13 44.66 49.79 NOTE
r-devel-linux-x86_64-debian-gcc 0.1.0 3.87 33.62 37.49 NOTE
r-devel-linux-x86_64-fedora-clang 0.1.0 70.21 NOTE
r-devel-linux-x86_64-fedora-gcc 0.1.0 56.71 NOTE
r-devel-windows-x86_64 0.1.0 8.00 266.00 274.00 NOTE
r-devel-windows-x86_64-gcc10-UCRT 0.1.0 NOTE
r-patched-linux-x86_64 0.1.0 4.52 41.56 46.08 NOTE
r-patched-solaris-x86 0.1.0 87.90 NOTE
r-release-linux-x86_64 0.1.0 4.53 41.50 46.03 NOTE
r-release-macos-arm64 0.1.0 NOTE
r-release-macos-x86_64 0.1.0 NOTE
r-release-windows-ix86+x86_64 0.1.0 9.00 62.00 71.00 NOTE
r-oldrel-macos-x86_64 0.1.0 OK
r-oldrel-windows-ix86+x86_64 0.1.0 13.00 72.00 85.00 OK

Check Details

Version: 0.1.0
Check: LazyData
Result: NOTE
     'LazyData' is specified without a 'data' directory
Flavors: r-devel-linux-x86_64-debian-clang, r-devel-linux-x86_64-debian-gcc, r-devel-linux-x86_64-fedora-clang, r-devel-linux-x86_64-fedora-gcc, r-devel-windows-x86_64, r-devel-windows-x86_64-gcc10-UCRT, r-patched-linux-x86_64, r-patched-solaris-x86, r-release-linux-x86_64, r-release-macos-arm64, r-release-macos-x86_64, r-release-windows-ix86+x86_64