CRAN Package Check Results for Package ShrinkCovMat

Last updated on 2024-07-13 00:55:38 CEST.

Flavor Version Tinstall Tcheck Ttotal Status Flags
r-devel-linux-x86_64-debian-clang 1.4.0 30.41 36.06 66.47 NOTE
r-devel-linux-x86_64-debian-gcc 1.4.0 21.76 27.73 49.49 NOTE
r-devel-linux-x86_64-fedora-clang 1.4.0 98.93 NOTE
r-devel-linux-x86_64-fedora-gcc 1.4.0 99.85 NOTE
r-devel-windows-x86_64 1.4.0 28.00 71.00 99.00 NOTE
r-patched-linux-x86_64 1.4.0 30.47 35.00 65.47 NOTE
r-release-linux-x86_64 1.4.0 28.25 34.05 62.30 NOTE
r-release-macos-arm64 1.4.0 28.00 NOTE
r-release-macos-x86_64 1.4.0 49.00 NOTE
r-release-windows-x86_64 1.4.0 29.00 67.00 96.00 NOTE
r-oldrel-macos-arm64 1.4.0 28.00 NOTE
r-oldrel-macos-x86_64 1.4.0 44.00 NOTE
r-oldrel-windows-x86_64 1.4.0 34.00 78.00 112.00 NOTE

Check Details

Version: 1.4.0
Check: C++ specification
Result: NOTE Specified C++11: please drop specification unless essential Flavors: r-devel-linux-x86_64-debian-clang, r-devel-linux-x86_64-debian-gcc, r-devel-linux-x86_64-fedora-clang, r-devel-linux-x86_64-fedora-gcc, r-devel-windows-x86_64, r-patched-linux-x86_64, r-release-linux-x86_64, r-release-macos-arm64, r-release-macos-x86_64, r-release-windows-x86_64, r-oldrel-macos-arm64, r-oldrel-macos-x86_64, r-oldrel-windows-x86_64