Last updated on 2023-06-04 08:57:22 CEST.
Flavor | Version | Tinstall | Tcheck | Ttotal | Status | Flags |
---|---|---|---|---|---|---|
r-devel-linux-x86_64-debian-clang | 1.0 | 38.35 | 74.53 | 112.88 | NOTE | |
r-devel-linux-x86_64-debian-gcc | 1.0 | 35.85 | 57.46 | 93.31 | NOTE | |
r-devel-linux-x86_64-fedora-clang | 1.0 | 156.02 | NOTE | |||
r-devel-linux-x86_64-fedora-gcc | 1.0 | 177.07 | NOTE | |||
r-devel-windows-x86_64 | 1.0 | 35.00 | 86.00 | 121.00 | NOTE | |
r-patched-linux-x86_64 | 1.0 | 40.25 | 70.89 | 111.14 | NOTE | |
r-release-linux-x86_64 | 1.0 | 36.70 | 71.42 | 108.12 | NOTE | |
r-release-macos-arm64 | 1.0 | 45.00 | NOTE | |||
r-release-macos-x86_64 | 1.0 | 71.00 | NOTE | |||
r-release-windows-x86_64 | 1.0 | 43.00 | 106.00 | 149.00 | NOTE | |
r-oldrel-macos-arm64 | 1.0 | 36.00 | OK | |||
r-oldrel-macos-x86_64 | 1.0 | 56.00 | OK | |||
r-oldrel-windows-x86_64 | 1.0 | 43.00 | 108.00 | 151.00 | OK |
Version: 1.0
Check: C++ specification
Result: NOTE
Specified C++11: please drop specification unless essential
Flavors: r-devel-linux-x86_64-debian-clang, r-devel-linux-x86_64-debian-gcc, r-devel-linux-x86_64-fedora-clang, r-devel-linux-x86_64-fedora-gcc, r-devel-windows-x86_64, r-patched-linux-x86_64, r-release-linux-x86_64, r-release-macos-arm64, r-release-macos-x86_64, r-release-windows-x86_64