Last updated on 2024-07-18 08:51:20 CEST.
Flavor | Version | Tinstall | Tcheck | Ttotal | Status | Flags |
---|---|---|---|---|---|---|
r-devel-linux-x86_64-debian-clang | 0.1.6 | 12.49 | 108.40 | 120.89 | NOTE | |
r-devel-linux-x86_64-debian-gcc | 0.1.6 | 10.19 | 81.08 | 91.27 | NOTE | |
r-devel-linux-x86_64-fedora-clang | 0.1.6 | 154.64 | OK | |||
r-devel-linux-x86_64-fedora-gcc | 0.1.6 | 156.39 | OK | |||
r-devel-windows-x86_64 | 0.1.6 | 12.00 | 99.00 | 111.00 | NOTE | |
r-patched-linux-x86_64 | 0.1.6 | 12.94 | 102.84 | 115.78 | NOTE | |
r-release-linux-x86_64 | 0.1.6 | 8.06 | 104.79 | 112.85 | NOTE | |
r-release-macos-arm64 | 0.1.6 | 51.00 | NOTE | |||
r-release-macos-x86_64 | 0.1.6 | 75.00 | NOTE | |||
r-release-windows-x86_64 | 0.1.6 | 14.00 | 97.00 | 111.00 | OK | |
r-oldrel-macos-arm64 | 0.1.6 | 49.00 | NOTE | |||
r-oldrel-macos-x86_64 | 0.1.6 | 110.00 | NOTE | |||
r-oldrel-windows-x86_64 | 0.1.6 | 16.00 | 120.00 | 136.00 | NOTE |
Version: 0.1.6
Check: package dependencies
Result: NOTE
Package suggested but not available for checking: ‘INLA’
Flavors: r-devel-linux-x86_64-debian-clang, r-devel-linux-x86_64-debian-gcc, r-patched-linux-x86_64, r-release-linux-x86_64, r-release-macos-arm64, r-release-macos-x86_64, r-oldrel-macos-arm64, r-oldrel-macos-x86_64, r-oldrel-windows-x86_64
Version: 0.1.6
Check: Rd cross-references
Result: NOTE
Found the following Rd file(s) with Rd \link{} targets missing package
anchors:
land.Rd: getData
Please provide package anchors for all Rd \link{} targets not in the
package itself and the base packages.
Flavor: r-devel-windows-x86_64