Last updated on 2024-04-19 08:54:55 CEST.
Flavor | Version | Tinstall | Tcheck | Ttotal | Status | Flags |
---|---|---|---|---|---|---|
r-devel-linux-x86_64-debian-clang | 1.0.1 | 57.95 | 150.25 | 208.20 | OK | |
r-devel-linux-x86_64-debian-gcc | 1.0.1 | OK | ||||
r-devel-linux-x86_64-fedora-clang | 1.0.1 | 272.74 | OK | |||
r-devel-linux-x86_64-fedora-gcc | 1.0.1 | 285.35 | OK | |||
r-prerel-macos-arm64 | 1.0.1 | 70.00 | NOTE | |||
r-prerel-windows-x86_64 | 1.0.1 | 46.00 | 157.00 | 203.00 | OK | |
r-patched-linux-x86_64 | 1.0.1 | 43.83 | 143.43 | 187.26 | OK | |
r-release-linux-x86_64 | 1.0.1 | 43.54 | 141.08 | 184.62 | OK | |
r-release-macos-arm64 | 1.0.1 | 86.00 | NOTE | |||
r-release-macos-x86_64 | 1.0.1 | 132.00 | NOTE | |||
r-release-windows-x86_64 | 1.0.1 | 60.00 | 184.00 | 244.00 | OK | |
r-oldrel-macos-arm64 | 1.0.1 | 71.00 | NOTE | |||
r-oldrel-windows-x86_64 | 1.0.1 | 59.00 | 182.00 | 241.00 | OK |
Version: 1.0.1
Check: installed package size
Result: NOTE
installed size is 5.3Mb
sub-directories of 1Mb or more:
libs 4.4Mb
Flavors: r-prerel-macos-arm64, r-release-macos-arm64, r-release-macos-x86_64, r-oldrel-macos-arm64