Last updated on 2023-11-30 16:49:38 CET.
Flavor | Version | Tinstall | Tcheck | Ttotal | Status | Flags |
---|---|---|---|---|---|---|
r-devel-linux-x86_64-debian-clang | 1.0.1 | 63.71 | 149.99 | 213.70 | OK | |
r-devel-linux-x86_64-debian-gcc | 1.0.1 | 46.57 | 109.11 | 155.68 | OK | |
r-devel-linux-x86_64-fedora-clang | 1.0.1 | 268.10 | OK | |||
r-devel-linux-x86_64-fedora-gcc | 1.0.1 | 283.05 | OK | |||
r-devel-windows-x86_64 | 1.0.1 | 47.00 | 154.00 | 201.00 | OK | |
r-patched-linux-x86_64 | 1.0.1 | 46.89 | 141.82 | 188.71 | OK | |
r-release-linux-x86_64 | 1.0.1 | 37.90 | 138.41 | 176.31 | OK | |
r-release-macos-arm64 | 1.0.1 | 86.00 | NOTE | |||
r-release-macos-x86_64 | 1.0.1 | 132.00 | NOTE | |||
r-release-windows-x86_64 | 1.0.1 | 63.00 | 184.00 | 247.00 | OK | |
r-oldrel-macos-arm64 | 1.0.1 | 71.00 | NOTE | |||
r-oldrel-macos-x86_64 | 1.0.1 | 96.00 | NOTE | |||
r-oldrel-windows-x86_64 | 1.0.1 | 60.00 | 179.00 | 239.00 | OK |
Version: 1.0.1
Check: installed package size
Result: NOTE
installed size is 5.6Mb
sub-directories of 1Mb or more:
libs 4.7Mb
Flavors: r-release-macos-arm64, r-release-macos-x86_64, r-oldrel-macos-arm64, r-oldrel-macos-x86_64