Last updated on 2023-06-08 08:55:34 CEST.
Flavor | Version | Tinstall | Tcheck | Ttotal | Status | Flags |
---|---|---|---|---|---|---|
r-devel-linux-x86_64-debian-clang | 1.0.1 | 63.97 | 154.54 | 218.51 | OK | |
r-devel-linux-x86_64-debian-gcc | 1.0.1 | 49.11 | 112.53 | 161.64 | OK | |
r-devel-linux-x86_64-fedora-clang | 1.0.1 | 280.38 | OK | |||
r-devel-linux-x86_64-fedora-gcc | 1.0.1 | 281.48 | OK | |||
r-devel-windows-x86_64 | 1.0.1 | 47.00 | 156.00 | 203.00 | OK | |
r-patched-linux-x86_64 | 1.0.1 | 50.71 | 143.89 | 194.60 | OK | |
r-release-linux-x86_64 | 1.0.1 | 39.24 | 142.71 | 181.95 | OK | |
r-release-macos-arm64 | 1.0.1 | 86.00 | NOTE | |||
r-release-macos-x86_64 | 1.0.1 | 132.00 | NOTE | |||
r-release-windows-x86_64 | 1.0.1 | 62.00 | 192.00 | 254.00 | OK | |
r-oldrel-macos-arm64 | 1.0.1 | 71.00 | NOTE | |||
r-oldrel-macos-x86_64 | 1.0.1 | 96.00 | NOTE | |||
r-oldrel-windows-x86_64 | 1.0.1 | 57.00 | 186.00 | 243.00 | OK |
Version: 1.0.1
Check: installed package size
Result: NOTE
installed size is 5.6Mb
sub-directories of 1Mb or more:
libs 4.7Mb
Flavors: r-release-macos-arm64, r-release-macos-x86_64, r-oldrel-macos-arm64, r-oldrel-macos-x86_64