CRAN Package Check Results for Package SortedEffects

Last updated on 2024-02-26 08:48:58 CET.

Flavor Version Tinstall Tcheck Ttotal Status Flags
r-devel-linux-x86_64-debian-clang 1.7.0 15.17 163.22 178.39 NOTE
r-devel-linux-x86_64-debian-gcc 1.7.0 11.38 119.75 131.13 NOTE
r-devel-linux-x86_64-fedora-clang 1.7.0 227.34 NOTE
r-devel-linux-x86_64-fedora-gcc 1.7.0 235.60 NOTE
r-devel-windows-x86_64 1.7.0 14.00 135.00 149.00 OK
r-patched-linux-x86_64 1.7.0 10.02 155.00 165.02 OK
r-release-linux-x86_64 1.7.0 9.92 154.75 164.67 OK
r-release-macos-arm64 1.7.0 78.00 OK
r-release-macos-x86_64 1.7.0 113.00 OK
r-release-windows-x86_64 1.7.0 19.00 167.00 186.00 OK
r-oldrel-macos-arm64 1.7.0 70.00 OK
r-oldrel-windows-x86_64 1.7.0 18.00 168.00 186.00 OK

Check Details

Version: 1.7.0
Check: Rd files
Result: NOTE checkRd: (-1) spe.Rd:101: Lost braces 101 | code{spe} command; (4) \code{alpha} stores significance level as in | ^ Flavors: r-devel-linux-x86_64-debian-clang, r-devel-linux-x86_64-debian-gcc, r-devel-linux-x86_64-fedora-clang, r-devel-linux-x86_64-fedora-gcc